{"id":9533,"date":"2025-06-18T11:51:06","date_gmt":"2025-06-18T09:51:06","guid":{"rendered":"https:\/\/www.kidstoo.ch\/ressources\/journee-annuelle-du-reseau-vaudois-de-lutte-contre-la-violence-domestique\/"},"modified":"2025-06-19T11:16:30","modified_gmt":"2025-06-19T09:16:30","slug":"journee-annuelle-du-reseau-vaudois-de-lutte-contre-la-violence-domestique","status":"publish","type":"ressources","link":"https:\/\/www.kidstoo.ch\/en\/ressources\/journee-annuelle-du-reseau-vaudois-de-lutte-contre-la-violence-domestique\/","title":{"rendered":"Journ\u00e9e annuelle du r\u00e9seau vaudois de lutte contre la violence domestique"},"content":{"rendered":"\n<p><a href=\"https:\/\/www.vd.ch\/actualites\/actualite\/news\/25269-journee-annuelle-du-reseau-vaudois-de-lutte-contre-la-violence-domestique\">https:\/\/www.vd.ch\/actualites\/actualite\/news\/25269-journee-annuelle-du-reseau-vaudois-de-lutte-contre-la-violence-domestique<\/a><\/p>\n\n\n\n<p>Jeudi 5 juin 2025, pr\u00e8s de 180 professionnelles et professionnels des domaines du social, du judiciaire et de la sant\u00e9 se sont r\u00e9uni\u00b7e\u00b7s \u00e0 l\u2019occasion de la journ\u00e9e du r\u00e9seau vaudois de lutte contre la violence domestique, d\u00e9di\u00e9e \u00e0 la th\u00e9matique du <strong>contr\u00f4le coercitif<\/strong>.<\/p>\n\n\n\n<p>La matin\u00e9e a \u00e9t\u00e9 consacr\u00e9e \u00e0 des conf\u00e9rences approfondissant la <strong>compr\u00e9hension du contr\u00f4le coercitif<\/strong>, la <strong>prise en charge des victimes<\/strong>, ainsi que l\u2019<strong>usage de ce concept dans la pratique judiciaire<\/strong>. L\u2019apr\u00e8s-midi, des tables rondes ont permis l\u2019\u00e9change autour de <strong>t\u00e9moignages de victimes<\/strong>, des <strong>strat\u00e9gies de domination<\/strong> d\u00e9ploy\u00e9es par les auteurs et de l\u2019<strong>identification des signaux<\/strong> du contr\u00f4le coercitif, enrichissant la r\u00e9flexion collective et la prise en charge sur le terrain.<\/p>\n\n\n\n<p>La <strong>formation tout au long de la vie professionnelle<\/strong> est essentielle pour <strong>renforcer les comp\u00e9tences et la coordination entre les acteurs cl\u00e9s<\/strong> de la lutte contre la violence domestique. Cette journ\u00e9e a \u00e9t\u00e9 organis\u00e9e par le Bureau de l&#8217;\u00e9galit\u00e9 entre les femmes et les hommes (BEFH) et la Direction de l&#8217;insertion et des solidarit\u00e9s (DIRIS), avec le soutien de la Commission cantonale de lutte contre la violence domestique (CCLVD).<\/p>\n\n\n\n<p><strong>Prochaine journ\u00e9e du r\u00e9seau&nbsp;: le jeudi 4 juin 2026.<\/strong><\/p>\n\n\n\n<p>Les pr\u00e9sentations de la journ\u00e9e sont disponibles en format pdf :<\/p>\n\n\n\n<ul class=\"wp-block-list\">\n<li><a href=\"https:\/\/www.kidstoo.ch\/app\/uploads\/JR2025_Pringent_def.pdf\" title=\"\">Le contr\u00f4le coercitif : de quoi parle-t-on et o\u00f9 en sommes-nous ? (P-G. Prigent) (pdf, 1.29 Mo)<\/a><\/li>\n\n\n\n<li><a href=\"https:\/\/www.kidstoo.ch\/app\/uploads\/JR2025_Romano_Reperage_et_prise_en_charge_victimes.pdf\" title=\"\">Rep\u00e9rage et prise en charge des victimes (H. Romano) (pdf, 567 Ko)<\/a><\/li>\n\n\n\n<li><a href=\"https:\/\/www.kidstoo.ch\/app\/uploads\/JR2025_Iselin_Reflexions_pratique_judiciaire.pdf\" title=\"\">R\u00e9flexions sur les apports du concept dans la pratique judiciaire (C. Iselin) (pdf, 1.10 Mo)<\/a><\/li>\n<\/ul>\n\n\n\n<p><a href=\"https:\/\/www.kidstoo.ch\/app\/uploads\/JR2025_Programme.pdf\" title=\"\">Programme de la journ\u00e9e du 5 juin 2025<\/a><\/p>\n\n\n\n<p><a href=\"https:\/\/www.kidstoo.ch\/app\/uploads\/JR25_Biographies.pdf\" title=\"\">Biographies des intervenant\u00b7e\u00b7s<\/a><\/p>\n\n\n\n<p><\/p>\n","protected":false},"excerpt":{"rendered":"<p>https:\/\/www.vd.ch\/actualites\/actualite\/news\/25269-journee-annuelle-du-reseau-vaudois-de-lutte-contre-la-violence-domestique Jeudi 5 juin 2025, pr\u00e8s de 180 professionnelles et professionnels des domaines du social, du judiciaire et de la sant\u00e9 se sont r\u00e9uni\u00b7e\u00b7s \u00e0 l\u2019occasion de la journ\u00e9e du r\u00e9seau vaudois de lutte contre la violence domestique, d\u00e9di\u00e9e \u00e0 la th\u00e9matique du contr\u00f4le coercitif. La matin\u00e9e a \u00e9t\u00e9 consacr\u00e9e \u00e0 des conf\u00e9rences approfondissant la [&hellip;]<\/p>\n","protected":false},"featured_media":9529,"parent":0,"menu_order":0,"template":"","format":"standard","meta":{"_acf_changed":false,"footnotes":""},"media-type":[591],"ressources-tags":[542],"class_list":["post-9533","ressources","type-ressources","status-publish","format-standard","has-post-thumbnail","hentry","media-type-conference-webinaire-en","ressources-tags-controle-coercitif-en"],"acf":[],"aioseo_notices":[],"_links":{"self":[{"href":"https:\/\/www.kidstoo.ch\/en\/wp-json\/wp\/v2\/ressources\/9533","targetHints":{"allow":["GET"]}}],"collection":[{"href":"https:\/\/www.kidstoo.ch\/en\/wp-json\/wp\/v2\/ressources"}],"about":[{"href":"https:\/\/www.kidstoo.ch\/en\/wp-json\/wp\/v2\/types\/ressources"}],"version-history":[{"count":3,"href":"https:\/\/www.kidstoo.ch\/en\/wp-json\/wp\/v2\/ressources\/9533\/revisions"}],"predecessor-version":[{"id":9546,"href":"https:\/\/www.kidstoo.ch\/en\/wp-json\/wp\/v2\/ressources\/9533\/revisions\/9546"}],"wp:featuredmedia":[{"embeddable":true,"href":"https:\/\/www.kidstoo.ch\/en\/wp-json\/wp\/v2\/media\/9529"}],"wp:attachment":[{"href":"https:\/\/www.kidstoo.ch\/en\/wp-json\/wp\/v2\/media?parent=9533"}],"wp:term":[{"taxonomy":"media-type","embeddable":true,"href":"https:\/\/www.kidstoo.ch\/en\/wp-json\/wp\/v2\/media-type?post=9533"},{"taxonomy":"ressources-tags","embeddable":true,"href":"https:\/\/www.kidstoo.ch\/en\/wp-json\/wp\/v2\/ressources-tags?post=9533"}],"curies":[{"name":"wp","href":"https:\/\/api.w.org\/{rel}","templated":true}]}}

Journée annuelle du réseau vaudois de lutte contre la violence domestique

<p><a href="https://www.vd.ch/actualites/actualite/news/25269-journee-annuelle-du-reseau-vaudois-de-lutte-contre-la-violence-domestique">https://www.vd.ch/actualites/actualite/news/25269-journee-annuelle-du-reseau-vaudois-de-lutte-contre-la-violence-domestique</a></p>



<p>Jeudi 5 juin 2025, près de 180 professionnelles et professionnels des domaines du social, du judiciaire et de la santé se sont réuni·e·s à l’occasion de la journée du réseau vaudois de lutte contre la violence domestique, dédiée à la thématique du <strong>contrôle coercitif</strong>.</p>



<p>La matinée a été consacrée à des conférences approfondissant la <strong>compréhension du contrôle coercitif</strong>, la <strong>prise en charge des victimes</strong>, ainsi que l’<strong>usage de ce concept dans la pratique judiciaire</strong>. L’après-midi, des tables rondes ont permis l’échange autour de <strong>témoignages de victimes</strong>, des <strong>stratégies de domination</strong> déployées par les auteurs et de l’<strong>identification des signaux</strong> du contrôle coercitif, enrichissant la réflexion collective et la prise en charge sur le terrain.</p>



<p>La <strong>formation tout au long de la vie professionnelle</strong> est essentielle pour <strong>renforcer les compétences et la coordination entre les acteurs clés</strong> de la lutte contre la violence domestique. Cette journée a été organisée par le Bureau de l&#8217;égalité entre les femmes et les hommes (BEFH) et la Direction de l&#8217;insertion et des solidarités (DIRIS), avec le soutien de la Commission cantonale de lutte contre la violence domestique (CCLVD).</p>



<p><strong>Prochaine journée du réseau&nbsp;: le jeudi 4 juin 2026.</strong></p>



<p>Les présentations de la journée sont disponibles en format pdf :</p>



<ul class="wp-block-list">
<li><a href="https://www.kidstoo.ch/app/uploads/JR2025_Pringent_def.pdf" title="">Le contrôle coercitif : de quoi parle-t-on et où en sommes-nous ? (P-G. Prigent) (pdf, 1.29 Mo)</a></li>



<li><a href="https://www.kidstoo.ch/app/uploads/JR2025_Romano_Reperage_et_prise_en_charge_victimes.pdf" title="">Repérage et prise en charge des victimes (H. Romano) (pdf, 567 Ko)</a></li>



<li><a href="https://www.kidstoo.ch/app/uploads/JR2025_Iselin_Reflexions_pratique_judiciaire.pdf" title="">Réflexions sur les apports du concept dans la pratique judiciaire (C. Iselin) (pdf, 1.10 Mo)</a></li>
</ul>



<p><a href="https://www.kidstoo.ch/app/uploads/JR2025_Programme.pdf" title="">Programme de la journée du 5 juin 2025</a></p>



<p><a href="https://www.kidstoo.ch/app/uploads/JR25_Biographies.pdf" title="">Biographies des intervenant·e·s</a></p>



<p></p>

<p>https://www.vd.ch/actualites/actualite/news/25269-journee-annuelle-du-reseau-vaudois-de-lutte-contre-la-violence-domestique Jeudi 5 juin 2025, près de 180 professionnelles et professionnels des domaines du social, du judiciaire et de la santé se sont réuni·e·s à l’occasion de la journée du réseau vaudois de lutte contre la violence domestique, dédiée à la thématique du contrôle coercitif. La matinée a été consacrée à des conférences approfondissant la [&hellip;]</p>
