{"id":9307,"date":"2025-05-31T09:11:48","date_gmt":"2025-05-31T07:11:48","guid":{"rendered":"https:\/\/www.kidstoo.ch\/ressources\/en-finir-avec-les-feminicides\/"},"modified":"2025-05-31T09:11:48","modified_gmt":"2025-05-31T07:11:48","slug":"en-finir-avec-les-feminicides","status":"publish","type":"ressources","link":"https:\/\/www.kidstoo.ch\/en\/ressources\/en-finir-avec-les-feminicides\/","title":{"rendered":"En finir avec les f\u00e9minicides"},"content":{"rendered":"\n<h2 class=\"wp-block-heading\">En finir avec les f\u00e9minicides &#8211; \u00c9tat des lieux, prises en charge et interventions<\/h2>\n\n\n\n<h2 class=\"wp-block-heading\">R\u00e9sum\u00e9<\/h2>\n\n\n\n<p>En France, malgr\u00e9 l\u2019am\u00e9lioration de l\u2019arsenal l\u00e9gislatif, le nombre de femmes tu\u00e9es, menac\u00e9es d\u2019\u00eatre tu\u00e9es, qui se suicident ou essayent de se suicider ne baisse pas. Il s\u2019agit d\u2019un constat effrayant. Le f\u00e9minicide ne concerne pas seulement deux personnes, victime et agresseur, mais a aussi des effets d\u00e9vastateurs sur les enfants et les proches de la victime. Pour pr\u00e9venir les f\u00e9minicides, il est urgent qu\u2019une modification des repr\u00e9sentations concernant la gravit\u00e9 des violences faites aux femmes et des cons\u00e9quences sur leurs enfants ait lieu. Par leur expertise de terrain, les contributeurs de cet ouvrage travaillent ainsi \u00e0 la transformation des pratiques pour qu\u2019elles deviennent protectrices.<br><strong>Karen Sadlier<\/strong><br>Docteure en psychologie clinique et psychopathologie, sp\u00e9cialis\u00e9e dans la prise en charge des enfants, adolescents et adultes victimes de violences.<br><strong>Ernestine Ronai<\/strong><br>Responsable de l\u2019Observatoire d\u00e9partemental de Seine-Saint-Denis des violences envers les femmes. Co-fondatrice et co-coordonnatrice du Dipl\u00f4me universitaire \u00ab violences faites aux femmes \u00bb (Universit\u00e9 Paris 8).<br>Avec la collaboration de :<br><strong>Yadira Cortes Castillo :<\/strong> coordinatrice de l\u2019association Red Mesa de Mujeres de Ciudad Juarez au Mexique.<br><strong>Christian Chevau : <\/strong>formateur au Centre national de formation de la gendarmerie nationale jusqu\u2019en 2024.<br><strong>\u00c9douard Durand : <\/strong>magistrat, pr\u00e9sident du tribunal pour enfants de Pontoise, Co-fondateur et co-coordonnateur du DU \u00ab violences faites aux femmes \u00bb &nbsp; (Universit\u00e9 Paris 8). Co-pr\u00e9sident de la Commission ind\u00e9pendante inceste et violences sexuelles faites aux enfants de 2021 \u00e0 2024.<br><strong>Mathilde Delespine<\/strong> : sage-femme, coordinatrice de la maison des femmes de Rennes.<br><strong>Cl\u00e9mentine Rappaport<\/strong> : p\u00e9dopsychiatre, cheffe de service du service de p\u00e9dopsychiatrie de l\u2019h\u00f4pital Ballanger.<br><strong>Patrick Poirret&nbsp; <\/strong>: magistrat, avocat g\u00e9n\u00e9ral \u00e0 la Cour de Cassation.<\/p>\n","protected":false},"excerpt":{"rendered":"<p>En finir avec les f\u00e9minicides &#8211; \u00c9tat des lieux, prises en charge et interventions R\u00e9sum\u00e9 En France, malgr\u00e9 l\u2019am\u00e9lioration de l\u2019arsenal l\u00e9gislatif, le nombre de femmes tu\u00e9es, menac\u00e9es d\u2019\u00eatre tu\u00e9es, qui se suicident ou essayent de se suicider ne baisse pas. Il s\u2019agit d\u2019un constat effrayant. Le f\u00e9minicide ne concerne pas seulement deux personnes, victime [&hellip;]<\/p>\n","protected":false},"featured_media":9303,"parent":0,"menu_order":0,"template":"","format":"standard","meta":{"_acf_changed":false,"footnotes":""},"media-type":[540],"ressources-tags":[551,624],"class_list":["post-9307","ressources","type-ressources","status-publish","format-standard","has-post-thumbnail","hentry","media-type-livre-en","ressources-tags-violence-domestique-en","ressources-tags-feminicide-en"],"acf":[],"aioseo_notices":[],"_links":{"self":[{"href":"https:\/\/www.kidstoo.ch\/en\/wp-json\/wp\/v2\/ressources\/9307","targetHints":{"allow":["GET"]}}],"collection":[{"href":"https:\/\/www.kidstoo.ch\/en\/wp-json\/wp\/v2\/ressources"}],"about":[{"href":"https:\/\/www.kidstoo.ch\/en\/wp-json\/wp\/v2\/types\/ressources"}],"version-history":[{"count":0,"href":"https:\/\/www.kidstoo.ch\/en\/wp-json\/wp\/v2\/ressources\/9307\/revisions"}],"wp:featuredmedia":[{"embeddable":true,"href":"https:\/\/www.kidstoo.ch\/en\/wp-json\/wp\/v2\/media\/9303"}],"wp:attachment":[{"href":"https:\/\/www.kidstoo.ch\/en\/wp-json\/wp\/v2\/media?parent=9307"}],"wp:term":[{"taxonomy":"media-type","embeddable":true,"href":"https:\/\/www.kidstoo.ch\/en\/wp-json\/wp\/v2\/media-type?post=9307"},{"taxonomy":"ressources-tags","embeddable":true,"href":"https:\/\/www.kidstoo.ch\/en\/wp-json\/wp\/v2\/ressources-tags?post=9307"}],"curies":[{"name":"wp","href":"https:\/\/api.w.org\/{rel}","templated":true}]}}

En finir avec les féminicides

<h2 class="wp-block-heading">En finir avec les féminicides &#8211; État des lieux, prises en charge et interventions</h2>



<h2 class="wp-block-heading">Résumé</h2>



<p>En France, malgré l’amélioration de l’arsenal législatif, le nombre de femmes tuées, menacées d’être tuées, qui se suicident ou essayent de se suicider ne baisse pas. Il s’agit d’un constat effrayant. Le féminicide ne concerne pas seulement deux personnes, victime et agresseur, mais a aussi des effets dévastateurs sur les enfants et les proches de la victime. Pour prévenir les féminicides, il est urgent qu’une modification des représentations concernant la gravité des violences faites aux femmes et des conséquences sur leurs enfants ait lieu. Par leur expertise de terrain, les contributeurs de cet ouvrage travaillent ainsi à la transformation des pratiques pour qu’elles deviennent protectrices.<br><strong>Karen Sadlier</strong><br>Docteure en psychologie clinique et psychopathologie, spécialisée dans la prise en charge des enfants, adolescents et adultes victimes de violences.<br><strong>Ernestine Ronai</strong><br>Responsable de l’Observatoire départemental de Seine-Saint-Denis des violences envers les femmes. Co-fondatrice et co-coordonnatrice du Diplôme universitaire « violences faites aux femmes » (Université Paris 8).<br>Avec la collaboration de :<br><strong>Yadira Cortes Castillo :</strong> coordinatrice de l’association Red Mesa de Mujeres de Ciudad Juarez au Mexique.<br><strong>Christian Chevau : </strong>formateur au Centre national de formation de la gendarmerie nationale jusqu’en 2024.<br><strong>Édouard Durand : </strong>magistrat, président du tribunal pour enfants de Pontoise, Co-fondateur et co-coordonnateur du DU « violences faites aux femmes » &nbsp; (Université Paris 8). Co-président de la Commission indépendante inceste et violences sexuelles faites aux enfants de 2021 à 2024.<br><strong>Mathilde Delespine</strong> : sage-femme, coordinatrice de la maison des femmes de Rennes.<br><strong>Clémentine Rappaport</strong> : pédopsychiatre, cheffe de service du service de pédopsychiatrie de l’hôpital Ballanger.<br><strong>Patrick Poirret&nbsp; </strong>: magistrat, avocat général à la Cour de Cassation.</p>

<p>En finir avec les féminicides &#8211; État des lieux, prises en charge et interventions Résumé En France, malgré l’amélioration de l’arsenal législatif, le nombre de femmes tuées, menacées d’être tuées, qui se suicident ou essayent de se suicider ne baisse pas. Il s’agit d’un constat effrayant. Le féminicide ne concerne pas seulement deux personnes, victime [&hellip;]</p>
