{"id":9142,"date":"2025-05-05T09:01:03","date_gmt":"2025-05-05T07:01:03","guid":{"rendered":"https:\/\/www.kidstoo.ch\/ressources\/clips-pedagogiques-paroles-dexpertes\/"},"modified":"2025-05-05T09:07:55","modified_gmt":"2025-05-05T07:07:55","slug":"clips-pedagogiques-paroles-dexpertes","status":"publish","type":"ressources","link":"https:\/\/www.kidstoo.ch\/en\/ressources\/clips-pedagogiques-paroles-dexpertes\/","title":{"rendered":"CLIPS PEDAGOGIQUES : PAROLES D&#8217;EXPERTES"},"content":{"rendered":"\n<p><a href=\"https:\/\/arretonslesviolences.gouv.fr\/je-suis-professionnel\/les-paroles-d-expertes\">https:\/\/arretonslesviolences.gouv.fr\/je-suis-professionnel\/les-paroles-d-expertes<\/a><\/p>\n\n\n\n<h2 class=\"wp-block-heading\">Mieux comprendre les violences faites aux femmes pour mieux agir<\/h2>\n\n\n\n<p>La MIPROF a r\u00e9alis\u00e9 4 clips p\u00e9dagogiques &#8220;PAROLES D\u2019EXPERTES&#8221; dans lesquels des expertes\u00a0expliquent certaines notions complexes et\/ou scientifiques li\u00e9es aux violences sexistes et sexuelles faites aux femmes. Il est n\u00e9cessaire que les professionnelles et professionnels en lien avec des femmes victimes comprennent ces notions cl\u00e9s pour pouvoir adapter leurs pratiques professionnelles. Leur utilisation dans le cadre de la formation initiale et continue est libre de droits \u00e0 l&#8217;exclusion d\u2019une utilisation \u00e0 des fins commerciales.<\/p>\n\n\n\n<h2 class=\"wp-block-heading\">La diff\u00e9rence entre conflit et violences au sein du couple<\/h2>\n\n\n\n<figure class=\"wp-block-embed is-type-video is-provider-dailymotion wp-block-embed-dailymotion\"><div class=\"wp-block-embed__wrapper\">\n<iframe loading=\"lazy\" title=\"Les diff\u00e9rences entre violences et conflits (LSF)\" frameborder=\"0\" width=\"500\" height=\"281\" src=\"https:\/\/geo.dailymotion.com\/player.html?video=x7xpe6s&#038;\" allowfullscreen allow=\"autoplay; fullscreen; picture-in-picture; web-share\"><\/iframe>\n<\/div><\/figure>\n\n\n\n<h2 class=\"wp-block-heading\">Les m\u00e9canismes des violences au sein du couple<\/h2>\n\n\n\n<figure class=\"wp-block-embed is-type-video is-provider-dailymotion wp-block-embed-dailymotion\"><div class=\"wp-block-embed__wrapper\">\n<iframe loading=\"lazy\" title=\"Les m\u00e9canismes des violences au sein du couple (LSF)\" frameborder=\"0\" width=\"500\" height=\"281\" src=\"https:\/\/geo.dailymotion.com\/player.html?video=x7xpf42&#038;\" allowfullscreen allow=\"autoplay; fullscreen; picture-in-picture; web-share\"><\/iframe>\n<\/div><\/figure>\n\n\n\n<h2 class=\"wp-block-heading\">Que se passe-t-il pour la victime au moment de l\u2019agression et apr\u00e8s ? : les impacts du stress aigu et du stress chronique<\/h2>\n\n\n\n<figure class=\"wp-block-embed is-type-video is-provider-dailymotion wp-block-embed-dailymotion\"><div class=\"wp-block-embed__wrapper\">\n<iframe loading=\"lazy\" title=\"Que se passe-t-il pour la victime pendant et apr\u00e8s des violences : les impacts du stress aigu et du stress chronique\" frameborder=\"0\" width=\"500\" height=\"281\" src=\"https:\/\/geo.dailymotion.com\/player.html?video=x6a0ela&#038;\" allowfullscreen allow=\"autoplay; fullscreen; picture-in-picture; web-share\"><\/iframe>\n<\/div><\/figure>\n\n\n\n<h2 class=\"wp-block-heading\">Les cons\u00e9quences psycho-traumatiques des violences : la sid\u00e9ration, la dissociation, la m\u00e9moire traumatique<\/h2>\n\n\n\n<figure class=\"wp-block-embed is-type-video is-provider-dailymotion wp-block-embed-dailymotion\"><div class=\"wp-block-embed__wrapper\">\n<iframe loading=\"lazy\" title=\"Les cons\u00e9quences psychotraumatiques des violences :  la sid\u00e9ration, la dissociation, la m\u00e9moire traumatique\" frameborder=\"0\" width=\"500\" height=\"281\" src=\"https:\/\/geo.dailymotion.com\/player.html?video=x6xi2pf&#038;\" allowfullscreen allow=\"autoplay; fullscreen; picture-in-picture; web-share\"><\/iframe>\n<\/div><\/figure>\n\n\n\n<h2 class=\"wp-block-heading\">L\u2019impact des violences au sein du couple sur les enfants<\/h2>\n\n\n\n<figure class=\"wp-block-embed is-type-video is-provider-youtube wp-block-embed-youtube wp-embed-aspect-16-9 wp-has-aspect-ratio\"><div class=\"wp-block-embed__wrapper\">\n<iframe loading=\"lazy\" title=\"Edouard Durand : l&#039;impact des violences au sein du couple sur les enfants\" width=\"500\" height=\"281\" src=\"https:\/\/www.youtube.com\/embed\/_VEY-O4URsI?feature=oembed\" frameborder=\"0\" allow=\"accelerometer; autoplay; clipboard-write; encrypted-media; gyroscope; picture-in-picture; web-share\" referrerpolicy=\"strict-origin-when-cross-origin\" allowfullscreen><\/iframe>\n<\/div><\/figure>\n\n\n\n<h2 class=\"wp-block-heading\">Autres outils disponibles<\/h2>\n\n\n\n<p><a href=\"https:\/\/arretonslesviolences.gouv.fr\/je-suis-professionnel\/outils-de-formation\">https:\/\/arretonslesviolences.gouv.fr\/je-suis-professionnel\/outils-de-formation<\/a><\/p>\n\n\n\n<p><\/p>\n","protected":false},"excerpt":{"rendered":"<p>https:\/\/arretonslesviolences.gouv.fr\/je-suis-professionnel\/les-paroles-d-expertes Mieux comprendre les violences faites aux femmes pour mieux agir La MIPROF a r\u00e9alis\u00e9 4 clips p\u00e9dagogiques &#8220;PAROLES D\u2019EXPERTES&#8221; dans lesquels des expertes\u00a0expliquent certaines notions complexes et\/ou scientifiques li\u00e9es aux violences sexistes et sexuelles faites aux femmes. Il est n\u00e9cessaire que les professionnelles et professionnels en lien avec des femmes victimes comprennent ces notions [&hellip;]<\/p>\n","protected":false},"featured_media":0,"parent":0,"menu_order":0,"template":"","format":"standard","meta":{"_acf_changed":false,"footnotes":""},"media-type":[610,609,596,587],"ressources-tags":[565,551],"class_list":["post-9142","ressources","type-ressources","status-publish","format-standard","hentry","media-type-infography","media-type-practical-guide-training","media-type-outil-campagne-de-prevention-sensibilisation-en","media-type-video-en","ressources-tags-enfant-en","ressources-tags-violence-domestique-en"],"acf":[],"aioseo_notices":[],"_links":{"self":[{"href":"https:\/\/www.kidstoo.ch\/en\/wp-json\/wp\/v2\/ressources\/9142","targetHints":{"allow":["GET"]}}],"collection":[{"href":"https:\/\/www.kidstoo.ch\/en\/wp-json\/wp\/v2\/ressources"}],"about":[{"href":"https:\/\/www.kidstoo.ch\/en\/wp-json\/wp\/v2\/types\/ressources"}],"version-history":[{"count":1,"href":"https:\/\/www.kidstoo.ch\/en\/wp-json\/wp\/v2\/ressources\/9142\/revisions"}],"predecessor-version":[{"id":9144,"href":"https:\/\/www.kidstoo.ch\/en\/wp-json\/wp\/v2\/ressources\/9142\/revisions\/9144"}],"wp:attachment":[{"href":"https:\/\/www.kidstoo.ch\/en\/wp-json\/wp\/v2\/media?parent=9142"}],"wp:term":[{"taxonomy":"media-type","embeddable":true,"href":"https:\/\/www.kidstoo.ch\/en\/wp-json\/wp\/v2\/media-type?post=9142"},{"taxonomy":"ressources-tags","embeddable":true,"href":"https:\/\/www.kidstoo.ch\/en\/wp-json\/wp\/v2\/ressources-tags?post=9142"}],"curies":[{"name":"wp","href":"https:\/\/api.w.org\/{rel}","templated":true}]}}

<p><a href="https://arretonslesviolences.gouv.fr/je-suis-professionnel/les-paroles-d-expertes">https://arretonslesviolences.gouv.fr/je-suis-professionnel/les-paroles-d-expertes</a></p>



<h2 class="wp-block-heading">Mieux comprendre les violences faites aux femmes pour mieux agir</h2>



<p>La MIPROF a réalisé 4 clips pédagogiques &#8220;PAROLES D’EXPERTES&#8221; dans lesquels des expertes expliquent certaines notions complexes et/ou scientifiques liées aux violences sexistes et sexuelles faites aux femmes. Il est nécessaire que les professionnelles et professionnels en lien avec des femmes victimes comprennent ces notions clés pour pouvoir adapter leurs pratiques professionnelles. Leur utilisation dans le cadre de la formation initiale et continue est libre de droits à l&#8217;exclusion d’une utilisation à des fins commerciales.</p>



<h2 class="wp-block-heading">La différence entre conflit et violences au sein du couple</h2>



<figure class="wp-block-embed is-type-video is-provider-dailymotion wp-block-embed-dailymotion"><div class="wp-block-embed__wrapper">
<iframe loading="lazy" title="Les différences entre violences et conflits (LSF)" frameborder="0" width="500" height="281" src="https://geo.dailymotion.com/player.html?video=x7xpe6s&#038;" allowfullscreen allow="autoplay; fullscreen; picture-in-picture; web-share"></iframe>
</div></figure>



<h2 class="wp-block-heading">Les mécanismes des violences au sein du couple</h2>



<figure class="wp-block-embed is-type-video is-provider-dailymotion wp-block-embed-dailymotion"><div class="wp-block-embed__wrapper">
<iframe loading="lazy" title="Les mécanismes des violences au sein du couple (LSF)" frameborder="0" width="500" height="281" src="https://geo.dailymotion.com/player.html?video=x7xpf42&#038;" allowfullscreen allow="autoplay; fullscreen; picture-in-picture; web-share"></iframe>
</div></figure>



<h2 class="wp-block-heading">Que se passe-t-il pour la victime au moment de l’agression et après ? : les impacts du stress aigu et du stress chronique</h2>



<figure class="wp-block-embed is-type-video is-provider-dailymotion wp-block-embed-dailymotion"><div class="wp-block-embed__wrapper">
<iframe loading="lazy" title="Que se passe-t-il pour la victime pendant et après des violences : les impacts du stress aigu et du stress chronique" frameborder="0" width="500" height="281" src="https://geo.dailymotion.com/player.html?video=x6a0ela&#038;" allowfullscreen allow="autoplay; fullscreen; picture-in-picture; web-share"></iframe>
</div></figure>



<h2 class="wp-block-heading">Les conséquences psycho-traumatiques des violences : la sidération, la dissociation, la mémoire traumatique</h2>



<figure class="wp-block-embed is-type-video is-provider-dailymotion wp-block-embed-dailymotion"><div class="wp-block-embed__wrapper">
<iframe loading="lazy" title="Les conséquences psychotraumatiques des violences :  la sidération, la dissociation, la mémoire traumatique" frameborder="0" width="500" height="281" src="https://geo.dailymotion.com/player.html?video=x6xi2pf&#038;" allowfullscreen allow="autoplay; fullscreen; picture-in-picture; web-share"></iframe>
</div></figure>



<h2 class="wp-block-heading">L’impact des violences au sein du couple sur les enfants</h2>



<figure class="wp-block-embed is-type-video is-provider-youtube wp-block-embed-youtube wp-embed-aspect-16-9 wp-has-aspect-ratio"><div class="wp-block-embed__wrapper">
<iframe loading="lazy" title="Edouard Durand : l&#039;impact des violences au sein du couple sur les enfants" width="500" height="281" src="https://www.youtube.com/embed/_VEY-O4URsI?feature=oembed" frameborder="0" allow="accelerometer; autoplay; clipboard-write; encrypted-media; gyroscope; picture-in-picture; web-share" referrerpolicy="strict-origin-when-cross-origin" allowfullscreen></iframe>
</div></figure>



<h2 class="wp-block-heading">Autres outils disponibles</h2>



<p><a href="https://arretonslesviolences.gouv.fr/je-suis-professionnel/outils-de-formation">https://arretonslesviolences.gouv.fr/je-suis-professionnel/outils-de-formation</a></p>



<p></p>

<p>https://arretonslesviolences.gouv.fr/je-suis-professionnel/les-paroles-d-expertes Mieux comprendre les violences faites aux femmes pour mieux agir La MIPROF a réalisé 4 clips pédagogiques &#8220;PAROLES D’EXPERTES&#8221; dans lesquels des expertes expliquent certaines notions complexes et/ou scientifiques liées aux violences sexistes et sexuelles faites aux femmes. Il est nécessaire que les professionnelles et professionnels en lien avec des femmes victimes comprennent ces notions [&hellip;]</p>
