{"id":8988,"date":"2025-04-25T14:19:58","date_gmt":"2025-04-25T12:19:58","guid":{"rendered":"https:\/\/www.kidstoo.ch\/ressources\/ceci-nest-pas-un-fait-divers\/"},"modified":"2025-04-25T14:21:00","modified_gmt":"2025-04-25T12:21:00","slug":"ceci-nest-pas-un-fait-divers","status":"publish","type":"ressources","link":"https:\/\/www.kidstoo.ch\/en\/ressources\/ceci-nest-pas-un-fait-divers\/","title":{"rendered":"Ceci n&#8217;est pas un fait divers"},"content":{"rendered":"\n<p>R\u00e9sum\u00e9<\/p>\n\n\n\n<p>Ils sont fr\u00e8re et soeur. Quand l&#8217;histoire commence, ils ont dix-neuf et treize ans. Cette histoire tient en quelques mots, ceux que la cadette, t\u00e9moin malgr\u00e9 elle, prononce en tremblant : &#8220;Papa vient de tuer maman.&#8221; Pass\u00e9 la sid\u00e9ration, ces enfants bris\u00e9s vont devoir se d\u00e9brouiller avec le chagrin, la col\u00e8re, la culpabilit\u00e9. Et remonter le cours du temps pour tenter de comprendre la redoutable m\u00e9canique qui a conduit \u00e0 cet acte. Avec pudeur et sobri\u00e9t\u00e9, ce roman, inspir\u00e9 de faits r\u00e9els, raconte, au-del\u00e0 d&#8217;un sujet de soci\u00e9t\u00e9, le long combat de deux victimes invisibles pour r\u00e9apprendre \u00e0 vivre.<\/p>\n\n\n\n<p>\u00c0 propos de l&#8217;auteur<\/p>\n\n\n\n<p>Philippe Besson est un \u00e9crivain, sc\u00e9nariste et dramaturge. En l&#8217;absence des hommes, son premier roman, publi\u00e9 en 2001, est couronn\u00e9 par le Prix Emmanuel-Robl\u00e8s. Depuis lors, il construit une oeuvre au style \u00e0 la fois sobre et raffin\u00e9. Il est l&#8217;auteur, entre autres, de Son fr\u00e8re, adapt\u00e9 au cin\u00e9ma par Patrice Ch\u00e9reau, L&#8217;Arri\u00e8re-Saison (Grand Prix RTL-LiRE), Un gar\u00e7on d&#8217;Italie et La Maison atlantique. En 2017, il publie &#8220;Arr\u00eate avec tes mensonges&#8221;, couronn\u00e9 par le Prix Maison de la Presse et adapt\u00e9 au cin\u00e9ma en 2023. En 2023, Ceci n&#8217;est pas un fait divers a paru chez Julliard. Ses romans sont traduits dans vingt langues.<\/p>\n","protected":false},"excerpt":{"rendered":"<p>R\u00e9sum\u00e9 Ils sont fr\u00e8re et soeur. Quand l&#8217;histoire commence, ils ont dix-neuf et treize ans. Cette histoire tient en quelques mots, ceux que la cadette, t\u00e9moin malgr\u00e9 elle, prononce en tremblant : &#8220;Papa vient de tuer maman.&#8221; Pass\u00e9 la sid\u00e9ration, ces enfants bris\u00e9s vont devoir se d\u00e9brouiller avec le chagrin, la col\u00e8re, la culpabilit\u00e9. Et [&hellip;]<\/p>\n","protected":false},"featured_media":8983,"parent":0,"menu_order":0,"template":"","format":"standard","meta":{"_acf_changed":false,"footnotes":""},"media-type":[540],"ressources-tags":[565,542,551,571],"class_list":["post-8988","ressources","type-ressources","status-publish","format-standard","has-post-thumbnail","hentry","media-type-livre-en","ressources-tags-enfant-en","ressources-tags-controle-coercitif-en","ressources-tags-violence-domestique-en","ressources-tags-roman-en"],"acf":[],"aioseo_notices":[],"_links":{"self":[{"href":"https:\/\/www.kidstoo.ch\/en\/wp-json\/wp\/v2\/ressources\/8988","targetHints":{"allow":["GET"]}}],"collection":[{"href":"https:\/\/www.kidstoo.ch\/en\/wp-json\/wp\/v2\/ressources"}],"about":[{"href":"https:\/\/www.kidstoo.ch\/en\/wp-json\/wp\/v2\/types\/ressources"}],"version-history":[{"count":1,"href":"https:\/\/www.kidstoo.ch\/en\/wp-json\/wp\/v2\/ressources\/8988\/revisions"}],"predecessor-version":[{"id":8996,"href":"https:\/\/www.kidstoo.ch\/en\/wp-json\/wp\/v2\/ressources\/8988\/revisions\/8996"}],"wp:featuredmedia":[{"embeddable":true,"href":"https:\/\/www.kidstoo.ch\/en\/wp-json\/wp\/v2\/media\/8983"}],"wp:attachment":[{"href":"https:\/\/www.kidstoo.ch\/en\/wp-json\/wp\/v2\/media?parent=8988"}],"wp:term":[{"taxonomy":"media-type","embeddable":true,"href":"https:\/\/www.kidstoo.ch\/en\/wp-json\/wp\/v2\/media-type?post=8988"},{"taxonomy":"ressources-tags","embeddable":true,"href":"https:\/\/www.kidstoo.ch\/en\/wp-json\/wp\/v2\/ressources-tags?post=8988"}],"curies":[{"name":"wp","href":"https:\/\/api.w.org\/{rel}","templated":true}]}}

<p>Résumé</p>



<p>Ils sont frère et soeur. Quand l&#8217;histoire commence, ils ont dix-neuf et treize ans. Cette histoire tient en quelques mots, ceux que la cadette, témoin malgré elle, prononce en tremblant : &#8220;Papa vient de tuer maman.&#8221; Passé la sidération, ces enfants brisés vont devoir se débrouiller avec le chagrin, la colère, la culpabilité. Et remonter le cours du temps pour tenter de comprendre la redoutable mécanique qui a conduit à cet acte. Avec pudeur et sobriété, ce roman, inspiré de faits réels, raconte, au-delà d&#8217;un sujet de société, le long combat de deux victimes invisibles pour réapprendre à vivre.</p>



<p>À propos de l&#8217;auteur</p>



<p>Philippe Besson est un écrivain, scénariste et dramaturge. En l&#8217;absence des hommes, son premier roman, publié en 2001, est couronné par le Prix Emmanuel-Roblès. Depuis lors, il construit une oeuvre au style à la fois sobre et raffiné. Il est l&#8217;auteur, entre autres, de Son frère, adapté au cinéma par Patrice Chéreau, L&#8217;Arrière-Saison (Grand Prix RTL-LiRE), Un garçon d&#8217;Italie et La Maison atlantique. En 2017, il publie &#8220;Arrête avec tes mensonges&#8221;, couronné par le Prix Maison de la Presse et adapté au cinéma en 2023. En 2023, Ceci n&#8217;est pas un fait divers a paru chez Julliard. Ses romans sont traduits dans vingt langues.</p>

<p>Résumé Ils sont frère et soeur. Quand l&#8217;histoire commence, ils ont dix-neuf et treize ans. Cette histoire tient en quelques mots, ceux que la cadette, témoin malgré elle, prononce en tremblant : &#8220;Papa vient de tuer maman.&#8221; Passé la sidération, ces enfants brisés vont devoir se débrouiller avec le chagrin, la colère, la culpabilité. Et [&hellip;]</p>
