{"id":6002,"date":"2022-12-06T11:01:23","date_gmt":"2022-12-06T10:01:23","guid":{"rendered":"https:\/\/www.kidstoo.ch\/publications\/type-de-publications\/publications-externes\/kinderschutz-ch-soutien\/"},"modified":"2024-10-28T15:56:32","modified_gmt":"2024-10-28T14:56:32","slug":"kinderschutz-ch-soutien","status":"publish","type":"page","link":"https:\/\/www.kidstoo.ch\/en\/publications-externes\/kinderschutz-ch-soutien\/","title":{"rendered":"Kinderschutz CH Soutien"},"content":{"rendered":"\n<h2 class=\"wp-block-heading\">Child protection Switzerland &#8211; Support<\/h2>\n\n\n\n<p>These films are part of the audiovisual dossier \u00abAssez stop!\u00bb<br><a href=\"https:\/\/www.kinderschutz.ch\/fr\/offres\/telecharger-commander\/assez-stop-offres-de-soutien\">https:\/\/www.kinderschutz.ch\/fr\/offres\/telecharger-commander\/assez-stop-offres-de-soutien<\/a><br>of the <a href=\"https:\/\/www.kinderschutz.ch\/fr\">Swiss Child Protection<\/a> Foundation.<br>They were directed by Michele Andina.<\/p>\n\n\n\n<p>The professionals involved describe how the services were set up, the processes and procedures used to help and support the children concerned, and talk about the most memorable moments, the crucial points and the visions. They explain how the services are integrated into existing structures, how children are referred to them and how they are funded.<\/p>\n\n\n\n<div class=\"wp-block-group is-style-box-color has-black-color has-text-color is-layout-flow wp-block-group-is-layout-flow\">\n<h3 class=\"wp-block-heading has-light-red-color-background-color has-background\">Kokon, advisory service in Zurich<\/h3>\n\n\n\n<p class=\"is-style-heading-p\">Film from 2017, 8 minutes (<a href=\"https:\/\/www.youtube.com\/watch?v=SPOX4yziOns\" title=\"\">FR<\/a>, <a href=\"https:\/\/www.youtube.com\/watch?v=MqFSAUVsTYM\" title=\"\">DE<\/a>, <a href=\"https:\/\/www.youtube.com\/watch?v=v9VUrDP2mdQ\" title=\"\">IT<\/a>).<br>The kokon counselling service offers help to children, teenagers and young adults (aged 0-25) in distress &#8211; help that is easily accessible, quick and uncomplicated.<\/p>\n<\/div>\n\n\n\n<div class=\"wp-block-group is-style-box-color has-black-color has-text-color is-layout-flow wp-block-group-is-layout-flow\">\n<h3 class=\"wp-block-heading has-light-red-color-background-color has-background\">CAM\u00c9L\u00c9ON, a discussion group for children and young people run by Solidarit\u00e9 femmes r\u00e9gion Biel\/Bienne<\/h3>\n\n\n\n<p>Film from 2017, 8 minutes (<a href=\"https:\/\/www.youtube.com\/watch?v=DTUJ2QHc5hA\" title=\"\">FR<\/a>, <a href=\"https:\/\/www.youtube.com\/watch?v=zFKtHhUIH_k\" title=\"\">DE<\/a>, <a href=\"https:\/\/www.youtube.com\/watch?v=mAgXuvYLi84\" title=\"\">IT<\/a>)<br>The CAMELEON discussion group is offered free of charge by Solidarit\u00e9 Femmes r\u00e9gion biennoise. It is aimed at children and teenagers aged between 5 and 14 who are affected by domestic violence.<\/p>\n<\/div>\n\n\n\n<div class=\"wp-block-group is-style-box-color has-black-color has-text-color is-layout-flow wp-block-group-is-layout-flow\">\n<h3 class=\"wp-block-heading has-light-red-color-background-color has-background\">Kidspunkt, advice from the OKeys &amp; Kidspunkt specialist centre in Winterthur<\/h3>\n\n\n\n<p>Film from 2018, 9 minutes (<a href=\"https:\/\/www.youtube.com\/watch?v=zkmwUa4pFwQ\" title=\"\">FR<\/a>, <a href=\"https:\/\/www.youtube.com\/watch?v=kEZQEd2AqzA\" title=\"\">DE<\/a>, <a href=\"https:\/\/www.youtube.com\/watch?v=yLpQfrEH2ok\" title=\"\">IT<\/a>).<br>KidsPunkt is a victim support counselling centre for infants, children and teenagers exposed to violence by one parent against the other.<\/p>\n<\/div>\n\n\n\n<div class=\"wp-block-group is-style-box-color has-black-color has-text-color is-layout-flow wp-block-group-is-layout-flow\">\n<h3 class=\"wp-block-heading has-light-red-color-background-color has-background\">Specialised team against domestic violence of the school psychology service of the Aargau canton<\/h3>\n\n\n\n<p>Film from 2018, 10 minutes (<a href=\"https:\/\/www.youtube.com\/watch?v=P4vQSqWZ9J8\" title=\"\">FR<\/a>, <a href=\"https:\/\/www.youtube.com\/watch?v=pnBx1CP9T_k\" title=\"\">DE<\/a>, <a href=\"https:\/\/www.youtube.com\/watch?v=tFgLabSgptU\" title=\"\">IT<\/a>).<br>Children and young people need help when they experience, witness or perpetrate violence. The specialist domestic violence team is a free service offered by the Aargau Canton School Psychology Service.<\/p>\n<\/div>\n\n\n\n<div class=\"wp-block-group is-style-box-color has-black-color has-text-color is-layout-flow wp-block-group-is-layout-flow\">\n<h3 class=\"wp-block-heading has-light-red-color-background-color has-background\">Malley-Prairie Shelter Centre, Lausanne<\/h3>\n\n\n\n<p>Film from 2018, 10 minutes (<a href=\"https:\/\/www.youtube.com\/watch?v=q2StinPckDs\" title=\"\">FR<\/a>, <a href=\"https:\/\/www.youtube.com\/watch?v=vVeD2zyd_Wk\" title=\"\">DE<\/a>, <a href=\"https:\/\/www.youtube.com\/watch?v=Y_FPkn0k270\" title=\"\">IT<\/a>).<br>The Malley-Prairie shelter in Lausanne welcomes women who are victims of domestic or family violence, with or without children. It offers protection and safety in emergencies and crises, 7 days a week, 24 hours a day.<\/p>\n<\/div>\n","protected":false},"excerpt":{"rendered":"<p>Child protection Switzerland &#8211; Support These films are part of the audiovisual dossier \u00abAssez stop!\u00bbhttps:\/\/www.kinderschutz.ch\/fr\/offres\/telecharger-commander\/assez-stop-offres-de-soutienof the Swiss Child Protection Foundation.They were directed by Michele Andina. The professionals involved describe how the services were set up, the processes and procedures used to help and support the children concerned, and talk about the most memorable moments, the [&hellip;]<\/p>\n","protected":false},"author":8,"featured_media":0,"parent":5953,"menu_order":0,"comment_status":"closed","ping_status":"closed","template":"","meta":{"_acf_changed":false,"footnotes":""},"class_list":["post-6002","page","type-page","status-publish","hentry"],"acf":[],"aioseo_notices":[],"_links":{"self":[{"href":"https:\/\/www.kidstoo.ch\/en\/wp-json\/wp\/v2\/pages\/6002","targetHints":{"allow":["GET"]}}],"collection":[{"href":"https:\/\/www.kidstoo.ch\/en\/wp-json\/wp\/v2\/pages"}],"about":[{"href":"https:\/\/www.kidstoo.ch\/en\/wp-json\/wp\/v2\/types\/page"}],"author":[{"embeddable":true,"href":"https:\/\/www.kidstoo.ch\/en\/wp-json\/wp\/v2\/users\/8"}],"replies":[{"embeddable":true,"href":"https:\/\/www.kidstoo.ch\/en\/wp-json\/wp\/v2\/comments?post=6002"}],"version-history":[{"count":2,"href":"https:\/\/www.kidstoo.ch\/en\/wp-json\/wp\/v2\/pages\/6002\/revisions"}],"predecessor-version":[{"id":6009,"href":"https:\/\/www.kidstoo.ch\/en\/wp-json\/wp\/v2\/pages\/6002\/revisions\/6009"}],"up":[{"embeddable":true,"href":"https:\/\/www.kidstoo.ch\/en\/wp-json\/wp\/v2\/pages\/5953"}],"wp:attachment":[{"href":"https:\/\/www.kidstoo.ch\/en\/wp-json\/wp\/v2\/media?parent=6002"}],"curies":[{"name":"wp","href":"https:\/\/api.w.org\/{rel}","templated":true}]}}

<h2 class="wp-block-heading">Child protection Switzerland &#8211; Support</h2>



<p>These films are part of the audiovisual dossier «Assez stop!»<br><a href="https://www.kinderschutz.ch/fr/offres/telecharger-commander/assez-stop-offres-de-soutien">https://www.kinderschutz.ch/fr/offres/telecharger-commander/assez-stop-offres-de-soutien</a><br>of the <a href="https://www.kinderschutz.ch/fr">Swiss Child Protection</a> Foundation.<br>They were directed by Michele Andina.</p>



<p>The professionals involved describe how the services were set up, the processes and procedures used to help and support the children concerned, and talk about the most memorable moments, the crucial points and the visions. They explain how the services are integrated into existing structures, how children are referred to them and how they are funded.</p>



<div class="wp-block-group is-style-box-color has-black-color has-text-color is-layout-flow wp-block-group-is-layout-flow">
<h3 class="wp-block-heading has-light-red-color-background-color has-background">Kokon, advisory service in Zurich</h3>



<p class="is-style-heading-p">Film from 2017, 8 minutes (<a href="https://www.youtube.com/watch?v=SPOX4yziOns" title="">FR</a>, <a href="https://www.youtube.com/watch?v=MqFSAUVsTYM" title="">DE</a>, <a href="https://www.youtube.com/watch?v=v9VUrDP2mdQ" title="">IT</a>).<br>The kokon counselling service offers help to children, teenagers and young adults (aged 0-25) in distress &#8211; help that is easily accessible, quick and uncomplicated.</p>
</div>



<div class="wp-block-group is-style-box-color has-black-color has-text-color is-layout-flow wp-block-group-is-layout-flow">
<h3 class="wp-block-heading has-light-red-color-background-color has-background">CAMÉLÉON, a discussion group for children and young people run by Solidarité femmes région Biel/Bienne</h3>



<p>Film from 2017, 8 minutes (<a href="https://www.youtube.com/watch?v=DTUJ2QHc5hA" title="">FR</a>, <a href="https://www.youtube.com/watch?v=zFKtHhUIH_k" title="">DE</a>, <a href="https://www.youtube.com/watch?v=mAgXuvYLi84" title="">IT</a>)<br>The CAMELEON discussion group is offered free of charge by Solidarité Femmes région biennoise. It is aimed at children and teenagers aged between 5 and 14 who are affected by domestic violence.</p>
</div>



<div class="wp-block-group is-style-box-color has-black-color has-text-color is-layout-flow wp-block-group-is-layout-flow">
<h3 class="wp-block-heading has-light-red-color-background-color has-background">Kidspunkt, advice from the OKeys &amp; Kidspunkt specialist centre in Winterthur</h3>



<p>Film from 2018, 9 minutes (<a href="https://www.youtube.com/watch?v=zkmwUa4pFwQ" title="">FR</a>, <a href="https://www.youtube.com/watch?v=kEZQEd2AqzA" title="">DE</a>, <a href="https://www.youtube.com/watch?v=yLpQfrEH2ok" title="">IT</a>).<br>KidsPunkt is a victim support counselling centre for infants, children and teenagers exposed to violence by one parent against the other.</p>
</div>



<div class="wp-block-group is-style-box-color has-black-color has-text-color is-layout-flow wp-block-group-is-layout-flow">
<h3 class="wp-block-heading has-light-red-color-background-color has-background">Specialised team against domestic violence of the school psychology service of the Aargau canton</h3>



<p>Film from 2018, 10 minutes (<a href="https://www.youtube.com/watch?v=P4vQSqWZ9J8" title="">FR</a>, <a href="https://www.youtube.com/watch?v=pnBx1CP9T_k" title="">DE</a>, <a href="https://www.youtube.com/watch?v=tFgLabSgptU" title="">IT</a>).<br>Children and young people need help when they experience, witness or perpetrate violence. The specialist domestic violence team is a free service offered by the Aargau Canton School Psychology Service.</p>
</div>



<div class="wp-block-group is-style-box-color has-black-color has-text-color is-layout-flow wp-block-group-is-layout-flow">
<h3 class="wp-block-heading has-light-red-color-background-color has-background">Malley-Prairie Shelter Centre, Lausanne</h3>



<p>Film from 2018, 10 minutes (<a href="https://www.youtube.com/watch?v=q2StinPckDs" title="">FR</a>, <a href="https://www.youtube.com/watch?v=vVeD2zyd_Wk" title="">DE</a>, <a href="https://www.youtube.com/watch?v=Y_FPkn0k270" title="">IT</a>).<br>The Malley-Prairie shelter in Lausanne welcomes women who are victims of domestic or family violence, with or without children. It offers protection and safety in emergencies and crises, 7 days a week, 24 hours a day.</p>
</div>
