{"id":9883,"date":"2025-08-12T08:53:03","date_gmt":"2025-08-12T06:53:03","guid":{"rendered":"https:\/\/www.kidstoo.ch\/ressources\/des-hommes-violents\/"},"modified":"2025-08-12T08:53:45","modified_gmt":"2025-08-12T06:53:45","slug":"des-hommes-violents","status":"publish","type":"ressources","link":"https:\/\/www.kidstoo.ch\/de\/ressources\/des-hommes-violents\/","title":{"rendered":"Des hommes violents"},"content":{"rendered":"\n<p><a href=\"https:\/\/www.radiofrance.fr\/franceculture\/podcasts\/serie-des-hommes-violents\">https:\/\/www.radiofrance.fr\/franceculture\/podcasts\/serie-des-hommes-violents<\/a><\/p>\n\n\n\n<p>Immersion avec douze hommes condamn\u00e9s pour violences conjugales et contraints par la justice de participer \u00e0 un groupe de parole pendant six mois. D\u00e9ni, t\u00e9moignages, paroles de victimes. Un podcast documentaire en 6 \u00e9pisodes de Mathieu Palain.<\/p>\n\n\n\n<p>\u00e9pisode 1: victime et coupable<\/p>\n\n\n\n<p>\u00e9pisode 2: moi, violent?<\/p>\n\n\n\n<p>\u00e9pisode 3: Franck et sa femme<\/p>\n\n\n\n<p>\u00e9pisode 4: Kader et sa violence<\/p>\n\n\n\n<p>\u00e9pisode 5: Louise rencontre son agresseur<\/p>\n\n\n\n<p>\u00e9pisode 6: Pierre, un peu de lumi\u00e8re<\/p>\n\n\n\n<h2 class=\"wp-block-heading\">\u00c0 propos de la s\u00e9rie<\/h2>\n\n\n\n<p>Immersion avec douze hommes condamn\u00e9s pour violences conjugales et contraints par la justice de participer \u00e0 un groupe de parole pendant six mois. D\u00e9ni, t\u00e9moignages, paroles de victimes. Un podcast documentaire en 6 \u00e9pisodes de Mathieu Palain.<\/p>\n\n\n\n<p>Apr\u00e8s deux mois de concertation et d\u2019ateliers, le Grenelle des violences conjugales s\u2019ach\u00e8vera le 25 novembre, date de la Journ\u00e9e Internationale pour l&#8217;\u00e9limination de la violence \u00e0 l&#8217;\u00e9gard des femmes. En 2018, 121 femmes ont \u00e9t\u00e9 tu\u00e9es par leur conjoint ou ex-conjoint.<br>D\u00e8s le 21 novembre, France Culture met en ligne le nouveau podcast original en 6 \u00e9pisodes <em>Des hommes violents<\/em> de Mathieu Palain, r\u00e9alis\u00e9 par C\u00e9cile Laffon. &nbsp;Un podcast propos\u00e9 par l&#8217;\u00e9mission <a href=\"https:\/\/www.franceculture.fr\/emissions\/les-pieds-sur-terre\" target=\"_blank\" rel=\"noreferrer noopener\">Les Pieds sur terre<\/a>, de Sonia Kronlund.<\/p>\n\n\n\n<p>Condamn\u00e9s par le tribunal pour violences conjugales, douze hommes sont &nbsp;contraints par la justice de participer \u00e0 un groupe de parole pendant six mois. Tous viennent d\u2019univers diff\u00e9rents&nbsp;: l&#8217;un &nbsp;est un homme d\u2019affaires \u00e0 succ\u00e8s, un autre \u00e0 la recherche d\u2019emploi, un autre tient un garage&#8230; Ils commencent par clamer unanimement leur innocence ou par refuser de reconna\u00eetre leurs torts. Puis \u00e9voluent, ou pas. Ce podcast s\u2019attache s\u00e9ance apr\u00e8s s\u00e9ance &nbsp;\u00e0 suivre leur avanc\u00e9e, \u00e0 partir \u00e0 leur rencontre, \u00e0 les \u00e9couter. Il est nourri des propres interrogations du narrateur, Mathieu Palain, sur le mouvement #metoo et la question des masculinit\u00e9s aujourd\u2019hui. Et mis en perspective par trois r\u00e9cits de victimes.<\/p>\n\n\n\n<p><strong>avec&nbsp;:<\/strong> B\u00e9atrice Asensio, Laurence Zobel, Christine Robert, St\u00e9phanie Cava, C\u00e9cile, Louise, Elisabeth Fabry, Sandrine Bouchet, H\u00e9l\u00e8ne de Ponsay, &nbsp;Mona Zeghmar, Ludovic, Franck, Azzedine, &nbsp;Kader, Morcine, Pierre, et tous les hommes rencontr\u00e9s au Spip de Lyon, Jean-Luc, Ahmed, C\u00e9dric, Mustafa, Baia&#8230;<br><strong>merci \u00e0&nbsp;:<\/strong> Eymeric Sudreau, Justine Doublait, Ad\u00e8le Hybre, Liliane Daligand, Pascale Fournand, M\u00e9lissa Plaza, Olivier Minot, Victoire Tuaillon, Charlotte Bienaim\u00e9, Adila Bennedja\u00ef-Zou, Sophie Guignard&nbsp;<\/p>\n","protected":false},"excerpt":{"rendered":"<p>https:\/\/www.radiofrance.fr\/franceculture\/podcasts\/serie-des-hommes-violents Immersion avec douze hommes condamn\u00e9s pour violences conjugales et contraints par la justice de participer \u00e0 un groupe de parole pendant six mois. D\u00e9ni, t\u00e9moignages, paroles de victimes. Un podcast documentaire en 6 \u00e9pisodes de Mathieu Palain. \u00e9pisode 1: victime et coupable \u00e9pisode 2: moi, violent? \u00e9pisode 3: Franck et sa femme \u00e9pisode 4: [&hellip;]<\/p>\n","protected":false},"featured_media":9879,"parent":0,"menu_order":0,"template":"","format":"standard","meta":{"_acf_changed":false,"footnotes":""},"media-type":[588,545],"ressources-tags":[647,554,648],"class_list":["post-9883","ressources","type-ressources","status-publish","format-standard","has-post-thumbnail","hentry","media-type-temoignage-de","media-type-podcast-radio-de","ressources-tags-auteurs-de-violence-de","ressources-tags-violence-domestique-de","ressources-tags-hommes-de"],"acf":[],"aioseo_notices":[],"_links":{"self":[{"href":"https:\/\/www.kidstoo.ch\/de\/wp-json\/wp\/v2\/ressources\/9883","targetHints":{"allow":["GET"]}}],"collection":[{"href":"https:\/\/www.kidstoo.ch\/de\/wp-json\/wp\/v2\/ressources"}],"about":[{"href":"https:\/\/www.kidstoo.ch\/de\/wp-json\/wp\/v2\/types\/ressources"}],"version-history":[{"count":1,"href":"https:\/\/www.kidstoo.ch\/de\/wp-json\/wp\/v2\/ressources\/9883\/revisions"}],"predecessor-version":[{"id":9885,"href":"https:\/\/www.kidstoo.ch\/de\/wp-json\/wp\/v2\/ressources\/9883\/revisions\/9885"}],"wp:featuredmedia":[{"embeddable":true,"href":"https:\/\/www.kidstoo.ch\/de\/wp-json\/wp\/v2\/media\/9879"}],"wp:attachment":[{"href":"https:\/\/www.kidstoo.ch\/de\/wp-json\/wp\/v2\/media?parent=9883"}],"wp:term":[{"taxonomy":"media-type","embeddable":true,"href":"https:\/\/www.kidstoo.ch\/de\/wp-json\/wp\/v2\/media-type?post=9883"},{"taxonomy":"ressources-tags","embeddable":true,"href":"https:\/\/www.kidstoo.ch\/de\/wp-json\/wp\/v2\/ressources-tags?post=9883"}],"curies":[{"name":"wp","href":"https:\/\/api.w.org\/{rel}","templated":true}]}}

<p><a href="https://www.radiofrance.fr/franceculture/podcasts/serie-des-hommes-violents">https://www.radiofrance.fr/franceculture/podcasts/serie-des-hommes-violents</a></p>



<p>Immersion avec douze hommes condamnés pour violences conjugales et contraints par la justice de participer à un groupe de parole pendant six mois. Déni, témoignages, paroles de victimes. Un podcast documentaire en 6 épisodes de Mathieu Palain.</p>



<p>épisode 1: victime et coupable</p>



<p>épisode 2: moi, violent?</p>



<p>épisode 3: Franck et sa femme</p>



<p>épisode 4: Kader et sa violence</p>



<p>épisode 5: Louise rencontre son agresseur</p>



<p>épisode 6: Pierre, un peu de lumière</p>



<h2 class="wp-block-heading">À propos de la série</h2>



<p>Immersion avec douze hommes condamnés pour violences conjugales et contraints par la justice de participer à un groupe de parole pendant six mois. Déni, témoignages, paroles de victimes. Un podcast documentaire en 6 épisodes de Mathieu Palain.</p>



<p>Après deux mois de concertation et d’ateliers, le Grenelle des violences conjugales s’achèvera le 25 novembre, date de la Journée Internationale pour l&#8217;élimination de la violence à l&#8217;égard des femmes. En 2018, 121 femmes ont été tuées par leur conjoint ou ex-conjoint.<br>Dès le 21 novembre, France Culture met en ligne le nouveau podcast original en 6 épisodes <em>Des hommes violents</em> de Mathieu Palain, réalisé par Cécile Laffon. &nbsp;Un podcast proposé par l&#8217;émission <a href="https://www.franceculture.fr/emissions/les-pieds-sur-terre" target="_blank" rel="noreferrer noopener">Les Pieds sur terre</a>, de Sonia Kronlund.</p>



<p>Condamnés par le tribunal pour violences conjugales, douze hommes sont &nbsp;contraints par la justice de participer à un groupe de parole pendant six mois. Tous viennent d’univers différents&nbsp;: l&#8217;un &nbsp;est un homme d’affaires à succès, un autre à la recherche d’emploi, un autre tient un garage&#8230; Ils commencent par clamer unanimement leur innocence ou par refuser de reconnaître leurs torts. Puis évoluent, ou pas. Ce podcast s’attache séance après séance &nbsp;à suivre leur avancée, à partir à leur rencontre, à les écouter. Il est nourri des propres interrogations du narrateur, Mathieu Palain, sur le mouvement #metoo et la question des masculinités aujourd’hui. Et mis en perspective par trois récits de victimes.</p>



<p><strong>avec&nbsp;:</strong> Béatrice Asensio, Laurence Zobel, Christine Robert, Stéphanie Cava, Cécile, Louise, Elisabeth Fabry, Sandrine Bouchet, Hélène de Ponsay, &nbsp;Mona Zeghmar, Ludovic, Franck, Azzedine, &nbsp;Kader, Morcine, Pierre, et tous les hommes rencontrés au Spip de Lyon, Jean-Luc, Ahmed, Cédric, Mustafa, Baia&#8230;<br><strong>merci à&nbsp;:</strong> Eymeric Sudreau, Justine Doublait, Adèle Hybre, Liliane Daligand, Pascale Fournand, Mélissa Plaza, Olivier Minot, Victoire Tuaillon, Charlotte Bienaimé, Adila Bennedjaï-Zou, Sophie Guignard&nbsp;</p>

<p>https://www.radiofrance.fr/franceculture/podcasts/serie-des-hommes-violents Immersion avec douze hommes condamnés pour violences conjugales et contraints par la justice de participer à un groupe de parole pendant six mois. Déni, témoignages, paroles de victimes. Un podcast documentaire en 6 épisodes de Mathieu Palain. épisode 1: victime et coupable épisode 2: moi, violent? épisode 3: Franck et sa femme épisode 4: [&hellip;]</p>
