{"id":8965,"date":"2025-04-25T13:34:50","date_gmt":"2025-04-25T11:34:50","guid":{"rendered":"https:\/\/www.kidstoo.ch\/ressources\/jouer-ou-tuer-la-fabrique-dun-feminicide\/"},"modified":"2025-04-25T13:37:18","modified_gmt":"2025-04-25T11:37:18","slug":"jouer-ou-tuer-la-fabrique-dun-feminicide","status":"publish","type":"ressources","link":"https:\/\/www.kidstoo.ch\/de\/ressources\/jouer-ou-tuer-la-fabrique-dun-feminicide\/","title":{"rendered":"Jouer ou tuer &#8211; La fabrique d&#8217;un f\u00e9minicide"},"content":{"rendered":"\n<p>R\u00e9sum\u00e9<\/p>\n\n\n\n<p>Alors pr\u00e9sidente de la cour d&#8217;assises de Versailles, Isabelle Rome se voit confier une affaire qui sera, \u00e0 l&#8217;\u00e9poque, peu m\u00e9diatis\u00e9e. Nous sommes en 2018, la vague <em>#MeToo<\/em> n&#8217;a pas d\u00e9ferl\u00e9 dans le milieu judiciaire ni le terme &#8221; f\u00e9minicide &#8221; perc\u00e9 la bulle des cercles militants.<br>En s&#8217;appuyant sur les trois jours du proc\u00e8s, la magistrate reconstitue la trajectoire d&#8217;un couple, celui d&#8217;\u00c9liane et Jean-Pierre V. \u2013 une histoire malheureusement banale, mais embl\u00e9matique de la m\u00e9canique des f\u00e9minicides, notamment sur la notion de contr\u00f4le coercitif. Car, de toutes ces femmes qu&#8217;elle ne voit plus qu&#8217;en photo parce que tu\u00e9es de la main de leur conjoint, Isabelle Rome en tire une conviction qui fera son engagement : cette violence invisible mais destructrice se retrouve \u00e0 chaque fois. Comment se met-elle en place ? Quels sont les ressorts \u00e0 l&#8217;oeuvre ? Pourquoi est-il si difficile d&#8217;en donner une d\u00e9finition juridique ?<br><br>La fabrique d&#8217;un f\u00e9minicide d&#8217;un point de vue subjectif assum\u00e9 \u2013 celui d&#8217;une magistrate consid\u00e9r\u00e9e aujourd&#8217;hui comme l&#8217;une des plus acquises \u00e0 la cause des femmes.<\/p>\n","protected":false},"excerpt":{"rendered":"<p>R\u00e9sum\u00e9 Alors pr\u00e9sidente de la cour d&#8217;assises de Versailles, Isabelle Rome se voit confier une affaire qui sera, \u00e0 l&#8217;\u00e9poque, peu m\u00e9diatis\u00e9e. Nous sommes en 2018, la vague #MeToo n&#8217;a pas d\u00e9ferl\u00e9 dans le milieu judiciaire ni le terme &#8221; f\u00e9minicide &#8221; perc\u00e9 la bulle des cercles militants.En s&#8217;appuyant sur les trois jours du proc\u00e8s, [&hellip;]<\/p>\n","protected":false},"featured_media":8959,"parent":0,"menu_order":0,"template":"","format":"standard","meta":{"_acf_changed":false,"footnotes":""},"media-type":[541],"ressources-tags":[625,554,578,543],"class_list":["post-8965","ressources","type-ressources","status-publish","format-standard","has-post-thumbnail","hentry","media-type-livre-de","ressources-tags-feminicide-de","ressources-tags-violence-domestique-de","ressources-tags-justice-de","ressources-tags-controle-coercitif-de"],"acf":[],"aioseo_notices":[],"_links":{"self":[{"href":"https:\/\/www.kidstoo.ch\/de\/wp-json\/wp\/v2\/ressources\/8965","targetHints":{"allow":["GET"]}}],"collection":[{"href":"https:\/\/www.kidstoo.ch\/de\/wp-json\/wp\/v2\/ressources"}],"about":[{"href":"https:\/\/www.kidstoo.ch\/de\/wp-json\/wp\/v2\/types\/ressources"}],"version-history":[{"count":2,"href":"https:\/\/www.kidstoo.ch\/de\/wp-json\/wp\/v2\/ressources\/8965\/revisions"}],"predecessor-version":[{"id":8971,"href":"https:\/\/www.kidstoo.ch\/de\/wp-json\/wp\/v2\/ressources\/8965\/revisions\/8971"}],"wp:featuredmedia":[{"embeddable":true,"href":"https:\/\/www.kidstoo.ch\/de\/wp-json\/wp\/v2\/media\/8959"}],"wp:attachment":[{"href":"https:\/\/www.kidstoo.ch\/de\/wp-json\/wp\/v2\/media?parent=8965"}],"wp:term":[{"taxonomy":"media-type","embeddable":true,"href":"https:\/\/www.kidstoo.ch\/de\/wp-json\/wp\/v2\/media-type?post=8965"},{"taxonomy":"ressources-tags","embeddable":true,"href":"https:\/\/www.kidstoo.ch\/de\/wp-json\/wp\/v2\/ressources-tags?post=8965"}],"curies":[{"name":"wp","href":"https:\/\/api.w.org\/{rel}","templated":true}]}}

Jouer ou tuer &#8211; La fabrique d&#8217;un féminicide

<p>Résumé</p>



<p>Alors présidente de la cour d&#8217;assises de Versailles, Isabelle Rome se voit confier une affaire qui sera, à l&#8217;époque, peu médiatisée. Nous sommes en 2018, la vague <em>#MeToo</em> n&#8217;a pas déferlé dans le milieu judiciaire ni le terme &#8221; féminicide &#8221; percé la bulle des cercles militants.<br>En s&#8217;appuyant sur les trois jours du procès, la magistrate reconstitue la trajectoire d&#8217;un couple, celui d&#8217;Éliane et Jean-Pierre V. – une histoire malheureusement banale, mais emblématique de la mécanique des féminicides, notamment sur la notion de contrôle coercitif. Car, de toutes ces femmes qu&#8217;elle ne voit plus qu&#8217;en photo parce que tuées de la main de leur conjoint, Isabelle Rome en tire une conviction qui fera son engagement : cette violence invisible mais destructrice se retrouve à chaque fois. Comment se met-elle en place ? Quels sont les ressorts à l&#8217;oeuvre ? Pourquoi est-il si difficile d&#8217;en donner une définition juridique ?<br><br>La fabrique d&#8217;un féminicide d&#8217;un point de vue subjectif assumé – celui d&#8217;une magistrate considérée aujourd&#8217;hui comme l&#8217;une des plus acquises à la cause des femmes.</p>

<p>Résumé Alors présidente de la cour d&#8217;assises de Versailles, Isabelle Rome se voit confier une affaire qui sera, à l&#8217;époque, peu médiatisée. Nous sommes en 2018, la vague #MeToo n&#8217;a pas déferlé dans le milieu judiciaire ni le terme &#8221; féminicide &#8221; percé la bulle des cercles militants.En s&#8217;appuyant sur les trois jours du procès, [&hellip;]</p>
