{"id":8140,"date":"2025-02-13T11:04:17","date_gmt":"2025-02-13T10:04:17","guid":{"rendered":"https:\/\/www.kidstoo.ch\/ressources\/mais-cetait-un-bon-pere\/"},"modified":"2025-02-13T11:04:17","modified_gmt":"2025-02-13T10:04:17","slug":"mais-cetait-un-bon-pere","status":"publish","type":"ressources","link":"https:\/\/www.kidstoo.ch\/de\/ressources\/mais-cetait-un-bon-pere\/","title":{"rendered":"Mais c&#8217;\u00e9tait un bon p\u00e8re"},"content":{"rendered":"\n<p>Peut-on vraiment s\u00e9parer le mari du p\u00e8re&nbsp;?<\/p>\n\n\n\n<p>Ce n&#8217;est qu&#8217;\u00e0 l&#8217;\u00e2ge adulte que j&#8217;en ai pris conscience&nbsp;: je n&#8217;ai pas \u00e9t\u00e9 simplement t\u00e9moin des violences de mon p\u00e8re envers ma m\u00e8re. Qu&#8217;est-ce que \u00e7a fait de grandir dans un climat de violence&nbsp;? Quels impacts cela a-t-il encore aujourd&#8217;hui sur ma vie d&#8217;adulte&nbsp;?<\/p>\n\n\n\n<p>Depuis un an, je fais partie du groupe de parole &#8220;enfants co-victimes&#8221; de l&#8217;association <a href=\"https:\/\/ellesimaginent.fr\" target=\"_blank\" rel=\"noreferrer noopener\">Elle&#8217;s Imagine&#8217;nt<\/a> \u00e0 Paris. Au fil de ces <a href=\"https:\/\/maiscetaitunbonpere.com\/\" title=\"\">cinq \u00e9pisodes<\/a>, je tente, avec d&#8217;autres adultes qui ont v\u00e9cu la m\u00eame chose que moi, de r\u00e9pondre \u00e0 mes questions.<\/p>\n\n\n\n<p>Pourquoi j&#8217;ai mis si longtemps \u00e0 m&#8217;avouer que je d\u00e9teste mon p\u00e8re&nbsp;?<\/p>\n\n\n\n<p>Et pourquoi a-t-on tant de mal \u00e0 entendre un enfant qui ne veut plus voir son p\u00e8re&nbsp;?<\/p>\n\n\n\n<p>EPISODE 1: SEPARER LE MARI DU PERE<\/p>\n\n\n\n<p>EPISODE 2: LE CALME AVANT LA TEMPETE<\/p>\n\n\n\n<p>EPISODE 3: QUELQU&#8217;UN DE BIEN<\/p>\n\n\n\n<p>EPISODE 4: JE TE CROIS<\/p>\n\n\n\n<p>EPISODE 5: L&#8217;AUTRE<\/p>\n\n\n\n<p><\/p>\n","protected":false},"excerpt":{"rendered":"<p>Peut-on vraiment s\u00e9parer le mari du p\u00e8re&nbsp;? Ce n&#8217;est qu&#8217;\u00e0 l&#8217;\u00e2ge adulte que j&#8217;en ai pris conscience&nbsp;: je n&#8217;ai pas \u00e9t\u00e9 simplement t\u00e9moin des violences de mon p\u00e8re envers ma m\u00e8re. Qu&#8217;est-ce que \u00e7a fait de grandir dans un climat de violence&nbsp;? Quels impacts cela a-t-il encore aujourd&#8217;hui sur ma vie d&#8217;adulte&nbsp;? Depuis un an, [&hellip;]<\/p>\n","protected":false},"featured_media":8136,"parent":0,"menu_order":0,"template":"","format":"standard","meta":{"_acf_changed":false,"footnotes":""},"media-type":[588,545],"ressources-tags":[554,566],"class_list":["post-8140","ressources","type-ressources","status-publish","format-standard","has-post-thumbnail","hentry","media-type-temoignage-de","media-type-podcast-radio-de","ressources-tags-violence-domestique-de","ressources-tags-enfant-de"],"acf":[],"aioseo_notices":[],"_links":{"self":[{"href":"https:\/\/www.kidstoo.ch\/de\/wp-json\/wp\/v2\/ressources\/8140","targetHints":{"allow":["GET"]}}],"collection":[{"href":"https:\/\/www.kidstoo.ch\/de\/wp-json\/wp\/v2\/ressources"}],"about":[{"href":"https:\/\/www.kidstoo.ch\/de\/wp-json\/wp\/v2\/types\/ressources"}],"version-history":[{"count":0,"href":"https:\/\/www.kidstoo.ch\/de\/wp-json\/wp\/v2\/ressources\/8140\/revisions"}],"wp:featuredmedia":[{"embeddable":true,"href":"https:\/\/www.kidstoo.ch\/de\/wp-json\/wp\/v2\/media\/8136"}],"wp:attachment":[{"href":"https:\/\/www.kidstoo.ch\/de\/wp-json\/wp\/v2\/media?parent=8140"}],"wp:term":[{"taxonomy":"media-type","embeddable":true,"href":"https:\/\/www.kidstoo.ch\/de\/wp-json\/wp\/v2\/media-type?post=8140"},{"taxonomy":"ressources-tags","embeddable":true,"href":"https:\/\/www.kidstoo.ch\/de\/wp-json\/wp\/v2\/ressources-tags?post=8140"}],"curies":[{"name":"wp","href":"https:\/\/api.w.org\/{rel}","templated":true}]}}

Mais c&#8217;était un bon père

<p>Peut-on vraiment séparer le mari du père&nbsp;?</p>



<p>Ce n&#8217;est qu&#8217;à l&#8217;âge adulte que j&#8217;en ai pris conscience&nbsp;: je n&#8217;ai pas été simplement témoin des violences de mon père envers ma mère. Qu&#8217;est-ce que ça fait de grandir dans un climat de violence&nbsp;? Quels impacts cela a-t-il encore aujourd&#8217;hui sur ma vie d&#8217;adulte&nbsp;?</p>



<p>Depuis un an, je fais partie du groupe de parole &#8220;enfants co-victimes&#8221; de l&#8217;association <a href="https://ellesimaginent.fr" target="_blank" rel="noreferrer noopener">Elle&#8217;s Imagine&#8217;nt</a> à Paris. Au fil de ces <a href="https://maiscetaitunbonpere.com/" title="">cinq épisodes</a>, je tente, avec d&#8217;autres adultes qui ont vécu la même chose que moi, de répondre à mes questions.</p>



<p>Pourquoi j&#8217;ai mis si longtemps à m&#8217;avouer que je déteste mon père&nbsp;?</p>



<p>Et pourquoi a-t-on tant de mal à entendre un enfant qui ne veut plus voir son père&nbsp;?</p>



<p>EPISODE 1: SEPARER LE MARI DU PERE</p>



<p>EPISODE 2: LE CALME AVANT LA TEMPETE</p>



<p>EPISODE 3: QUELQU&#8217;UN DE BIEN</p>



<p>EPISODE 4: JE TE CROIS</p>



<p>EPISODE 5: L&#8217;AUTRE</p>



<p></p>

<p>Peut-on vraiment séparer le mari du père&nbsp;? Ce n&#8217;est qu&#8217;à l&#8217;âge adulte que j&#8217;en ai pris conscience&nbsp;: je n&#8217;ai pas été simplement témoin des violences de mon père envers ma mère. Qu&#8217;est-ce que ça fait de grandir dans un climat de violence&nbsp;? Quels impacts cela a-t-il encore aujourd&#8217;hui sur ma vie d&#8217;adulte&nbsp;? Depuis un an, [&hellip;]</p>
