{"id":8017,"date":"2025-02-12T13:32:42","date_gmt":"2025-02-12T12:32:42","guid":{"rendered":"https:\/\/www.kidstoo.ch\/ressources\/plus-fort-que-la-violence\/"},"modified":"2025-02-12T15:16:56","modified_gmt":"2025-02-12T14:16:56","slug":"plus-fort-que-la-violence","status":"publish","type":"ressources","link":"https:\/\/www.kidstoo.ch\/de\/ressources\/plus-fort-que-la-violence\/","title":{"rendered":"Plus fort que la violence"},"content":{"rendered":"\n<h2 class=\"wp-block-heading\">Une exposition pour faire de la pr\u00e9vention aupr\u00e8s des jeunes<\/h2>\n\n\n\n<p>\u00abPlus fort que la violence\u00bb est une exposition itin\u00e9rante bilingue sur la violence domestique. Elle a \u00e9t\u00e9 con\u00e7ue avant tout pour les jeunes et jeunes adultes en formation \u00e2g\u00e9\u00b7e\u00b7s de 15 \u00e0 25 ans. Elle s\u2019adresse \u00e9galement aux professionnel\u00b7le\u00b7s et autres personnes int\u00e9ress\u00e9es par la th\u00e9matique.<\/p>\n\n\n\n<figure class=\"wp-block-image size-full\"><img loading=\"lazy\" decoding=\"async\" width=\"540\" height=\"766\" src=\"https:\/\/www.kidstoo.ch\/app\/uploads\/bildschirmfoto-2025-01-10-um-184529-540x766-4.png\" alt=\"\" class=\"wp-image-8047\" srcset=\"https:\/\/www.kidstoo.ch\/app\/uploads\/bildschirmfoto-2025-01-10-um-184529-540x766-4.png 540w, https:\/\/www.kidstoo.ch\/app\/uploads\/bildschirmfoto-2025-01-10-um-184529-540x766-4-211x300.png 211w\" sizes=\"auto, (max-width: 540px) 100vw, 540px\" \/><\/figure>\n","protected":false},"excerpt":{"rendered":"<p>Une exposition pour faire de la pr\u00e9vention aupr\u00e8s des jeunes \u00abPlus fort que la violence\u00bb est une exposition itin\u00e9rante bilingue sur la violence domestique. Elle a \u00e9t\u00e9 con\u00e7ue avant tout pour les jeunes et jeunes adultes en formation \u00e2g\u00e9\u00b7e\u00b7s de 15 \u00e0 25 ans. Elle s\u2019adresse \u00e9galement aux professionnel\u00b7le\u00b7s et autres personnes int\u00e9ress\u00e9es par la [&hellip;]<\/p>\n","protected":false},"featured_media":8013,"parent":0,"menu_order":0,"template":"","format":"standard","meta":{"_acf_changed":false,"footnotes":""},"media-type":[607],"ressources-tags":[554],"class_list":["post-8017","ressources","type-ressources","status-publish","format-standard","has-post-thumbnail","hentry","media-type-ausstellung","ressources-tags-violence-domestique-de"],"acf":[],"aioseo_notices":[],"_links":{"self":[{"href":"https:\/\/www.kidstoo.ch\/de\/wp-json\/wp\/v2\/ressources\/8017","targetHints":{"allow":["GET"]}}],"collection":[{"href":"https:\/\/www.kidstoo.ch\/de\/wp-json\/wp\/v2\/ressources"}],"about":[{"href":"https:\/\/www.kidstoo.ch\/de\/wp-json\/wp\/v2\/types\/ressources"}],"version-history":[{"count":2,"href":"https:\/\/www.kidstoo.ch\/de\/wp-json\/wp\/v2\/ressources\/8017\/revisions"}],"predecessor-version":[{"id":8052,"href":"https:\/\/www.kidstoo.ch\/de\/wp-json\/wp\/v2\/ressources\/8017\/revisions\/8052"}],"wp:featuredmedia":[{"embeddable":true,"href":"https:\/\/www.kidstoo.ch\/de\/wp-json\/wp\/v2\/media\/8013"}],"wp:attachment":[{"href":"https:\/\/www.kidstoo.ch\/de\/wp-json\/wp\/v2\/media?parent=8017"}],"wp:term":[{"taxonomy":"media-type","embeddable":true,"href":"https:\/\/www.kidstoo.ch\/de\/wp-json\/wp\/v2\/media-type?post=8017"},{"taxonomy":"ressources-tags","embeddable":true,"href":"https:\/\/www.kidstoo.ch\/de\/wp-json\/wp\/v2\/ressources-tags?post=8017"}],"curies":[{"name":"wp","href":"https:\/\/api.w.org\/{rel}","templated":true}]}}

<h2 class="wp-block-heading">Une exposition pour faire de la prévention auprès des jeunes</h2>



<p>«Plus fort que la violence» est une exposition itinérante bilingue sur la violence domestique. Elle a été conçue avant tout pour les jeunes et jeunes adultes en formation âgé·e·s de 15 à 25 ans. Elle s’adresse également aux professionnel·le·s et autres personnes intéressées par la thématique.</p>



<figure class="wp-block-image size-full"><img loading="lazy" decoding="async" width="540" height="766" src="https://www.kidstoo.ch/app/uploads/bildschirmfoto-2025-01-10-um-184529-540x766-4.png" alt="" class="wp-image-8047" srcset="https://www.kidstoo.ch/app/uploads/bildschirmfoto-2025-01-10-um-184529-540x766-4.png 540w, https://www.kidstoo.ch/app/uploads/bildschirmfoto-2025-01-10-um-184529-540x766-4-211x300.png 211w" sizes="auto, (max-width: 540px) 100vw, 540px" /></figure>

<p>Une exposition pour faire de la prévention auprès des jeunes «Plus fort que la violence» est une exposition itinérante bilingue sur la violence domestique. Elle a été conçue avant tout pour les jeunes et jeunes adultes en formation âgé·e·s de 15 à 25 ans. Elle s’adresse également aux professionnel·le·s et autres personnes intéressées par la [&hellip;]</p>
