{"id":7826,"date":"2025-02-12T09:25:36","date_gmt":"2025-02-12T08:25:36","guid":{"rendered":"https:\/\/www.kidstoo.ch\/ressources\/protection-de-lenfance-suisse-portraits\/"},"modified":"2025-02-13T10:36:10","modified_gmt":"2025-02-13T09:36:10","slug":"protection-de-lenfance-suisse-portraits","status":"publish","type":"ressources","link":"https:\/\/www.kidstoo.ch\/de\/ressources\/protection-de-lenfance-suisse-portraits\/","title":{"rendered":"Protection de l\u2019enfance Suisse \u2013 Portraits"},"content":{"rendered":"\n<h2 class=\"wp-block-heading\">Protection de l&#8217;enfance Suisse &#8211; Portraits<\/h2>\n\n\n\n<p>Ces films font partie du dossier audiovisuel \u00abAssez stop!\u00bb<br><a href=\"http:\/\/www.protectionenfance.ch\/violence-au-sein-du-couple\">www.protectionenfance.ch\/violence-au-sein-du-couple<\/a><br>de la fondation <a href=\"https:\/\/www.kinderschutz.ch\/fr\">Protection de l&#8217;enfance Suisse<\/a>.<\/p>\n\n\n\n<h3 class=\"wp-block-heading has-light-red-color-background-color has-background\">Simona: &#8220;Mes filles ont trop subi&#8221;<\/h3>\n\n\n\n<p class=\"is-style-heading-p\"><a href=\"https:\/\/youtu.be\/Vb222cCApY4\">Film<\/a> de 2017, 27 minutes.<br>Ce film montre la violence massive subie par Simona, la m\u00e8re d\u2019une fille de dix ans et d\u2019une fille de cinq ans, de la part du p\u00e8re de sa deuxi\u00e8me fille. Outre les descriptions de la m\u00e8re, Simona, et de la grand-m\u00e8re, les deux enfants prennent \u00e9galement la parole et s\u2019expriment longuement. En jouant avec la grand-m\u00e8re et en parlant avec une p\u00e9dagogue, elles exposent leur point de vue sur la violence v\u00e9cue. Elles d\u00e9crivent les situations violentes, discutent de notions telles que confiance, protection, peur, courage, famille, coh\u00e9sion et tristesse. Elles parlent de ce qui leur fait du bien et quelles difficult\u00e9s elles rencontrent aujourd\u2019hui.<\/p>\n\n\n\n<h3 class=\"wp-block-heading has-light-red-color-background-color has-background\">C\u00e9cile: &#8220;Le coeur p\u00e8se une tonne&#8221;<\/h3>\n\n\n\n<p><a href=\"https:\/\/youtu.be\/DjRdHG7bpXg\">Film<\/a> de 2017, 21 minutes.<br>Durant son enfance et sa jeunesse, C\u00e9cile a constamment \u00e9t\u00e9 expos\u00e9e \u00e0 la violence entre ses parents. Elle d\u00e9crit dans le film quels effets les menaces et la violence de son p\u00e8re face \u00e0 sa m\u00e8re ont eu sur elle en tant qu\u2019enfant, quelles ont \u00e9t\u00e9 ses peurs, ses pens\u00e9es et ses r\u00e9actions. Elle explique comment la s\u00e9paration de ses parents a, d\u2019une certaine mani\u00e8re, accentu\u00e9 la violence. Elle parle tr\u00e8s ouvertement des moments o\u00f9 elle s\u2019est mise elle-m\u00eame en danger. C\u00e9cile d\u00e9crit comment elle replace aujourd\u2019hui dans sa vie ce qu\u2019elle a v\u00e9cu et ce qui l\u2019a aid\u00e9e \u00e0 ma\u00eetriser la situation.<\/p>\n\n\n\n<h3 class=\"wp-block-heading has-light-red-color-background-color has-background\">Nicola: &#8220;C&#8217;est comme si j&#8217;avais un point mort en moi&#8221;<\/h3>\n\n\n\n<p><a href=\"https:\/\/youtu.be\/LSgLFCtxTBY\">Film<\/a> de 2017, 18 minutes.<br>Nicola, \u00e2g\u00e9 de 18 ans, raconte ses exp\u00e9riences en tant que jeune homme m\u00e9tis en Suisse face \u00e0 la violence de son p\u00e8re. Il raconte comment il ressentait son absence dans un premier temps et ensuite avait peur de lui et le d\u00e9testait. Comme point de d\u00e9part, Nicola exprime son sentiment d\u2019\u00eatre au \u00abpoint mort\u00bb. Il raconte combien il \u00e9tait difficile de se sentir appr\u00e9ci\u00e9 et ce qui l\u2019a aid\u00e9 \u00e0 le devenir. Il d\u00e9crit en particulier comment il a travaill\u00e9 pour surmonter ce \u00abpoint mort\u00bb, pour ne pas se sentir simple observateur de sa vie mais bel et bien comme un acteur \u00e0 part enti\u00e8re.<\/p>\n\n\n\n<h3 class=\"wp-block-heading has-light-red-color-background-color has-background\">Lisa: &#8220;Elle m&#8217;agrippe la main, il me tire \u00e0 lui par l&#8217;autre main&#8221;<\/h3>\n\n\n\n<p><a href=\"https:\/\/youtu.be\/iHA1M4fNsJw\">Film<\/a> de 2017, 17 minutes.<br>Lisa est aujourd\u2019hui \u00e2g\u00e9e de 26 ans. Lorsqu\u2019elle avait 7 ans environ, une dispute entre ses parents l\u2019a r\u00e9veill\u00e9e un matin. Auparavant, des conflits entre ses parents avaient r\u00e9guli\u00e8rement \u00e9clat\u00e9 le soir. Lisa, impuissante et en larmes, les entendait se disputer. Un matin, sa m\u00e8re l\u2019a prise par la main et a quitt\u00e9 la maison pour aller se r\u00e9fugier chez sa grand-m\u00e8re. Son p\u00e8re a alors cherch\u00e9 \u00e0 la retenir et \u00e0 l\u2019attirer vers lui. C\u2019est un souvenir douloureux pour Lisa. Ensuite, elle n\u2019a plus vu son p\u00e8re pendant longtemps, jusqu\u2019\u00e0 ce que des visites chez lui le week-end soient instaur\u00e9es. \u00c0 ce moment-l\u00e0, Lisa consid\u00e9rait ces week-ends comme g\u00e2ch\u00e9s. Depuis, Lisa a beaucoup analys\u00e9 les confrontations parentales. Dans le film, elle raconte les sentiments qui l\u2019animaient \u00e0 l\u2019\u00e9poque et ceux qu\u2019elle ressent aujourd\u2019hui dans ses propres relations de couple, combien il lui est encore difficile de se sentir estim\u00e9e et \u00e0 quel point elle se sent seule.<\/p>\n\n\n\n<h3 class=\"wp-block-heading has-light-red-color-background-color has-background\">Martin: &#8220;Ce qui me fait le plus mal, c&#8217;est ce que j&#8217;ai fait aux enfants&#8221;<\/h3>\n\n\n\n<p><a href=\"https:\/\/youtu.be\/gX4QkDYq3lU\">Film<\/a> de 2017, 15 minutes.<br>Martin a frapp\u00e9 sa femme \u00e0 plusieurs reprises. Il est p\u00e8re de cinq enfants qui vivent maintenant en foyer. Il est s\u00e9par\u00e9 de sa femme. Martin a suivi un programme d\u2019apprentissage de lutte contre la violence au sein du couple et tente aujourd\u2019hui de reprendre ses enfants \u00e0 la maison. Qu\u2019est-ce qui l\u2019a conduit \u00e0 devenir violent? Comment change-t-on un tel comportement? Quels sont les besoins des enfants par rapport \u00e0 leurs parents? Comment un homme qui a \u00e9t\u00e9 violent peut-il \u00eatre per\u00e7u par les autorit\u00e9s et les institutions comme un p\u00e8re attentif et bienveillant? Dans le film, Martin est pr\u00e9occup\u00e9 par ces questions et cherche des r\u00e9ponses.<\/p>\n","protected":false},"excerpt":{"rendered":"<p>Protection de l&#8217;enfance Suisse &#8211; Portraits Ces films font partie du dossier audiovisuel \u00abAssez stop!\u00bbwww.protectionenfance.ch\/violence-au-sein-du-couplede la fondation Protection de l&#8217;enfance Suisse. Simona: &#8220;Mes filles ont trop subi&#8221; Film de 2017, 27 minutes.Ce film montre la violence massive subie par Simona, la m\u00e8re d\u2019une fille de dix ans et d\u2019une fille de cinq ans, de la [&hellip;]<\/p>\n","protected":false},"featured_media":8087,"parent":0,"menu_order":0,"template":"","format":"standard","meta":{"_acf_changed":false,"footnotes":""},"media-type":[588,589],"ressources-tags":[566],"class_list":["post-7826","ressources","type-ressources","status-publish","format-standard","has-post-thumbnail","hentry","media-type-temoignage-de","media-type-video-de","ressources-tags-enfant-de"],"acf":[],"aioseo_notices":[],"_links":{"self":[{"href":"https:\/\/www.kidstoo.ch\/de\/wp-json\/wp\/v2\/ressources\/7826","targetHints":{"allow":["GET"]}}],"collection":[{"href":"https:\/\/www.kidstoo.ch\/de\/wp-json\/wp\/v2\/ressources"}],"about":[{"href":"https:\/\/www.kidstoo.ch\/de\/wp-json\/wp\/v2\/types\/ressources"}],"version-history":[{"count":1,"href":"https:\/\/www.kidstoo.ch\/de\/wp-json\/wp\/v2\/ressources\/7826\/revisions"}],"predecessor-version":[{"id":7828,"href":"https:\/\/www.kidstoo.ch\/de\/wp-json\/wp\/v2\/ressources\/7826\/revisions\/7828"}],"wp:featuredmedia":[{"embeddable":true,"href":"https:\/\/www.kidstoo.ch\/de\/wp-json\/wp\/v2\/media\/8087"}],"wp:attachment":[{"href":"https:\/\/www.kidstoo.ch\/de\/wp-json\/wp\/v2\/media?parent=7826"}],"wp:term":[{"taxonomy":"media-type","embeddable":true,"href":"https:\/\/www.kidstoo.ch\/de\/wp-json\/wp\/v2\/media-type?post=7826"},{"taxonomy":"ressources-tags","embeddable":true,"href":"https:\/\/www.kidstoo.ch\/de\/wp-json\/wp\/v2\/ressources-tags?post=7826"}],"curies":[{"name":"wp","href":"https:\/\/api.w.org\/{rel}","templated":true}]}}

<h2 class="wp-block-heading">Protection de l&#8217;enfance Suisse &#8211; Portraits</h2>



<p>Ces films font partie du dossier audiovisuel «Assez stop!»<br><a href="http://www.protectionenfance.ch/violence-au-sein-du-couple">www.protectionenfance.ch/violence-au-sein-du-couple</a><br>de la fondation <a href="https://www.kinderschutz.ch/fr">Protection de l&#8217;enfance Suisse</a>.</p>



<h3 class="wp-block-heading has-light-red-color-background-color has-background">Simona: &#8220;Mes filles ont trop subi&#8221;</h3>



<p class="is-style-heading-p"><a href="https://youtu.be/Vb222cCApY4">Film</a> de 2017, 27 minutes.<br>Ce film montre la violence massive subie par Simona, la mère d’une fille de dix ans et d’une fille de cinq ans, de la part du père de sa deuxième fille. Outre les descriptions de la mère, Simona, et de la grand-mère, les deux enfants prennent également la parole et s’expriment longuement. En jouant avec la grand-mère et en parlant avec une pédagogue, elles exposent leur point de vue sur la violence vécue. Elles décrivent les situations violentes, discutent de notions telles que confiance, protection, peur, courage, famille, cohésion et tristesse. Elles parlent de ce qui leur fait du bien et quelles difficultés elles rencontrent aujourd’hui.</p>



<h3 class="wp-block-heading has-light-red-color-background-color has-background">Cécile: &#8220;Le coeur pèse une tonne&#8221;</h3>



<p><a href="https://youtu.be/DjRdHG7bpXg">Film</a> de 2017, 21 minutes.<br>Durant son enfance et sa jeunesse, Cécile a constamment été exposée à la violence entre ses parents. Elle décrit dans le film quels effets les menaces et la violence de son père face à sa mère ont eu sur elle en tant qu’enfant, quelles ont été ses peurs, ses pensées et ses réactions. Elle explique comment la séparation de ses parents a, d’une certaine manière, accentué la violence. Elle parle très ouvertement des moments où elle s’est mise elle-même en danger. Cécile décrit comment elle replace aujourd’hui dans sa vie ce qu’elle a vécu et ce qui l’a aidée à maîtriser la situation.</p>



<h3 class="wp-block-heading has-light-red-color-background-color has-background">Nicola: &#8220;C&#8217;est comme si j&#8217;avais un point mort en moi&#8221;</h3>



<p><a href="https://youtu.be/LSgLFCtxTBY">Film</a> de 2017, 18 minutes.<br>Nicola, âgé de 18 ans, raconte ses expériences en tant que jeune homme métis en Suisse face à la violence de son père. Il raconte comment il ressentait son absence dans un premier temps et ensuite avait peur de lui et le détestait. Comme point de départ, Nicola exprime son sentiment d’être au «point mort». Il raconte combien il était difficile de se sentir apprécié et ce qui l’a aidé à le devenir. Il décrit en particulier comment il a travaillé pour surmonter ce «point mort», pour ne pas se sentir simple observateur de sa vie mais bel et bien comme un acteur à part entière.</p>



<h3 class="wp-block-heading has-light-red-color-background-color has-background">Lisa: &#8220;Elle m&#8217;agrippe la main, il me tire à lui par l&#8217;autre main&#8221;</h3>



<p><a href="https://youtu.be/iHA1M4fNsJw">Film</a> de 2017, 17 minutes.<br>Lisa est aujourd’hui âgée de 26 ans. Lorsqu’elle avait 7 ans environ, une dispute entre ses parents l’a réveillée un matin. Auparavant, des conflits entre ses parents avaient régulièrement éclaté le soir. Lisa, impuissante et en larmes, les entendait se disputer. Un matin, sa mère l’a prise par la main et a quitté la maison pour aller se réfugier chez sa grand-mère. Son père a alors cherché à la retenir et à l’attirer vers lui. C’est un souvenir douloureux pour Lisa. Ensuite, elle n’a plus vu son père pendant longtemps, jusqu’à ce que des visites chez lui le week-end soient instaurées. À ce moment-là, Lisa considérait ces week-ends comme gâchés. Depuis, Lisa a beaucoup analysé les confrontations parentales. Dans le film, elle raconte les sentiments qui l’animaient à l’époque et ceux qu’elle ressent aujourd’hui dans ses propres relations de couple, combien il lui est encore difficile de se sentir estimée et à quel point elle se sent seule.</p>



<h3 class="wp-block-heading has-light-red-color-background-color has-background">Martin: &#8220;Ce qui me fait le plus mal, c&#8217;est ce que j&#8217;ai fait aux enfants&#8221;</h3>



<p><a href="https://youtu.be/gX4QkDYq3lU">Film</a> de 2017, 15 minutes.<br>Martin a frappé sa femme à plusieurs reprises. Il est père de cinq enfants qui vivent maintenant en foyer. Il est séparé de sa femme. Martin a suivi un programme d’apprentissage de lutte contre la violence au sein du couple et tente aujourd’hui de reprendre ses enfants à la maison. Qu’est-ce qui l’a conduit à devenir violent? Comment change-t-on un tel comportement? Quels sont les besoins des enfants par rapport à leurs parents? Comment un homme qui a été violent peut-il être perçu par les autorités et les institutions comme un père attentif et bienveillant? Dans le film, Martin est préoccupé par ces questions et cherche des réponses.</p>

<p>Protection de l&#8217;enfance Suisse &#8211; Portraits Ces films font partie du dossier audiovisuel «Assez stop!»www.protectionenfance.ch/violence-au-sein-du-couplede la fondation Protection de l&#8217;enfance Suisse. Simona: &#8220;Mes filles ont trop subi&#8221; Film de 2017, 27 minutes.Ce film montre la violence massive subie par Simona, la mère d’une fille de dix ans et d’une fille de cinq ans, de la [&hellip;]</p>
