{"id":10432,"date":"2025-10-19T10:21:18","date_gmt":"2025-10-19T08:21:18","guid":{"rendered":"https:\/\/www.kidstoo.ch\/ressources\/nos-peres-nos-freres-nos-amis-dans-la-tete-des-hommes-violents\/"},"modified":"2025-10-19T10:21:37","modified_gmt":"2025-10-19T08:21:37","slug":"nos-peres-nos-freres-nos-amis-dans-la-tete-des-hommes-violents","status":"publish","type":"ressources","link":"https:\/\/www.kidstoo.ch\/de\/ressources\/nos-peres-nos-freres-nos-amis-dans-la-tete-des-hommes-violents\/","title":{"rendered":"Nos p\u00e8res, nos fr\u00e8res, nos amis &#8211; Dans la t\u00eate des hommes violents"},"content":{"rendered":"\n<p>Nos p\u00e8res, nos fr\u00e8res, nos amis est une enqu\u00eate immersive, un livre essentiel pour comprendre un point aveugle de notre soci\u00e9t\u00e9<\/p>\n\n\n\n<p>&#8221; La petite graine de la violence, elle pousse, elle pousse, et je pense que cette graine est en moi depuis longtemps, elle fait partie de mon bagage, de ce que m&#8217;ont transmis mes parents. La violence surgit comme un instinct animal, et vous murmure \u00e0 l&#8217;oreille : &#8220;C&#8217;est la faute de l&#8217;autre.&#8217; &#8220;<br>Pendant quatre ans, le journaliste Mathieu Palain s&#8217;est rendu dans des groupes de parole, dans une Maison des femmes, \u00e0 des auditions judiciaires. Il a eu acc\u00e8s \u00e0 des histoires et des t\u00e9moignages d&#8217;une rare puissance.<\/p>\n\n\n\n<p><\/p>\n","protected":false},"excerpt":{"rendered":"<p>Nos p\u00e8res, nos fr\u00e8res, nos amis est une enqu\u00eate immersive, un livre essentiel pour comprendre un point aveugle de notre soci\u00e9t\u00e9 &#8221; La petite graine de la violence, elle pousse, elle pousse, et je pense que cette graine est en moi depuis longtemps, elle fait partie de mon bagage, de ce que m&#8217;ont transmis mes [&hellip;]<\/p>\n","protected":false},"featured_media":10428,"parent":0,"menu_order":0,"template":"","format":"standard","meta":{"_acf_changed":false,"footnotes":""},"media-type":[541],"ressources-tags":[652],"class_list":["post-10432","ressources","type-ressources","status-publish","format-standard","has-post-thumbnail","hentry","media-type-livre-de","ressources-tags-hommes-violents-de"],"acf":[],"aioseo_notices":[],"_links":{"self":[{"href":"https:\/\/www.kidstoo.ch\/de\/wp-json\/wp\/v2\/ressources\/10432","targetHints":{"allow":["GET"]}}],"collection":[{"href":"https:\/\/www.kidstoo.ch\/de\/wp-json\/wp\/v2\/ressources"}],"about":[{"href":"https:\/\/www.kidstoo.ch\/de\/wp-json\/wp\/v2\/types\/ressources"}],"version-history":[{"count":1,"href":"https:\/\/www.kidstoo.ch\/de\/wp-json\/wp\/v2\/ressources\/10432\/revisions"}],"predecessor-version":[{"id":10434,"href":"https:\/\/www.kidstoo.ch\/de\/wp-json\/wp\/v2\/ressources\/10432\/revisions\/10434"}],"wp:featuredmedia":[{"embeddable":true,"href":"https:\/\/www.kidstoo.ch\/de\/wp-json\/wp\/v2\/media\/10428"}],"wp:attachment":[{"href":"https:\/\/www.kidstoo.ch\/de\/wp-json\/wp\/v2\/media?parent=10432"}],"wp:term":[{"taxonomy":"media-type","embeddable":true,"href":"https:\/\/www.kidstoo.ch\/de\/wp-json\/wp\/v2\/media-type?post=10432"},{"taxonomy":"ressources-tags","embeddable":true,"href":"https:\/\/www.kidstoo.ch\/de\/wp-json\/wp\/v2\/ressources-tags?post=10432"}],"curies":[{"name":"wp","href":"https:\/\/api.w.org\/{rel}","templated":true}]}}

Nos pères, nos frères, nos amis &#8211; Dans la tête des hommes violents

<p>Nos pères, nos frères, nos amis est une enquête immersive, un livre essentiel pour comprendre un point aveugle de notre société</p>



<p>&#8221; La petite graine de la violence, elle pousse, elle pousse, et je pense que cette graine est en moi depuis longtemps, elle fait partie de mon bagage, de ce que m&#8217;ont transmis mes parents. La violence surgit comme un instinct animal, et vous murmure à l&#8217;oreille : &#8220;C&#8217;est la faute de l&#8217;autre.&#8217; &#8220;<br>Pendant quatre ans, le journaliste Mathieu Palain s&#8217;est rendu dans des groupes de parole, dans une Maison des femmes, à des auditions judiciaires. Il a eu accès à des histoires et des témoignages d&#8217;une rare puissance.</p>



<p></p>

<p>Nos pères, nos frères, nos amis est une enquête immersive, un livre essentiel pour comprendre un point aveugle de notre société &#8221; La petite graine de la violence, elle pousse, elle pousse, et je pense que cette graine est en moi depuis longtemps, elle fait partie de mon bagage, de ce que m&#8217;ont transmis mes [&hellip;]</p>
