{"id":2446,"date":"2024-07-11T14:37:09","date_gmt":"2024-07-11T12:37:09","guid":{"rendered":"https:\/\/www.kidstoo.ch\/projets_0\/couts-de-la-violence-domestique\/"},"modified":"2024-11-12T11:18:00","modified_gmt":"2024-11-12T10:18:00","slug":"couts-de-la-violence-domestique","status":"publish","type":"page","link":"https:\/\/www.kidstoo.ch\/de\/projets-2\/couts-de-la-violence-domestique\/","title":{"rendered":"Co\u00fbts de la violence domestique"},"content":{"rendered":"\n<h2 class=\"wp-block-heading\">H\u00e4usliche Gewalt hat ihren Preis<\/h2>\n\n\n\n<div class=\"wp-block-group is-style-box-color has-black-color has-white-background-color has-text-color has-background is-layout-flow wp-block-group-is-layout-flow\">\n<h3 class=\"wp-block-heading\">Politische Entscheidungen und die Kosten h\u00e4uslicher Gewalt<\/h3>\n\n\n\n<p class=\"is-style-heading-p\">Auf der Ebene der politischen Entscheidungstr\u00e4ger ist eine angemessene Zuteilung der zur Verf\u00fcgung stehenden Mittel, sei es Personal, Strukturen, Infrastrukturen entsprechend den politischen Zielen oder den internationalen Verpflichtungen, ein sinnvoller Ansatz.<\/p>\n\n\n\n<p>Zu diesem Zweck sind zwar die politischen Ziele oder internationalen Verpflichtungen relativ leicht zu definieren oder zu identifizieren, doch die angemessene Zuweisung h\u00e4ngt von der Qualit\u00e4t der verf\u00fcgbaren Informationen ab.<br>Das Eidgen\u00f6ssische B\u00fcro f\u00fcr die Gleichstellung von Frau und Mann (EBG) listet eine gro\u00dfe Anzahl von Berichten, Studien etc. im Zusammenhang mit h\u00e4uslicher Gewalt auf (<a href=\"https:\/\/www.ebg.admin.ch\/ebg\/de\/home\/dokumentation\/publikationen-allgemein\/publikationen-gewalt.html\">Link<\/a>).<\/p>\n\n\n\n<h4 class=\"wp-block-heading\">Studie von 2013 zu den Kosten von Gewalt in Paarbeziehungen (Zahlen von 2011)<\/h4>\n\n\n\n<p>Auf Schweizer Ebene wurden die Kosten von Gewalt in der Partnerschaft in einer Studie aus dem Jahr 2013 gesch\u00e4tzt, die vom Eidgen\u00f6ssischen B\u00fcro f\u00fcr die Gleichstellung von Frau und Mann beim Institut INFRAS in Auftrag gegeben wurde. Die Links f\u00fcr diesen Bericht sind als <a href=\"https:\/\/www.kidstoo.ch\/app\/uploads\/Couts_ViolDom_Couple_2013_Long_DE.pdf\">Langfassung<\/a> oder als <a href=\"https:\/\/www.kidstoo.ch\/app\/uploads\/Couts_ViolDom_Couple_2013_Court_DE.pdf\">Zusammenfassung<\/a> verf\u00fcgbar.<\/p>\n\n\n\n<p>&#8220;Zu beachten ist, dass nicht alle Kosten, die durch Gewalt in Paarbeziehungen verursacht werden,<br>in der vorliegenden Studie berechnet werden konnten. So fehlen beispielsweise die notwendigen<br>Datengrundlagen f\u00fcr die Kostenberechnung von Gerichtsverfahren oder von Unterst\u00fctzungsangeboten<br>f\u00fcr mitbetroffene Kinder sowie deren gesundheitlichen Folgekosten. Gerade bei diesen<br>Kosten d\u00fcrfte es sich um eine nicht zu untersch\u00e4tzende Gr\u00f6ssenordnung handeln, denn die<br>Folgen f\u00fcr Kinder, die von Gewalt in Paarbeziehungen mitbetroffen sind, sind weitreichend und<br>wirken oft ein Leben lang nach. Zudem stellt als Kind miterlebte Paargewalt einer der signifikantesten<br>Risikofaktoren dar, im Erwachsenenalter selber Opfer oder Tatperson h\u00e4uslicher Gewalt<br>zu werden.&#8221;<br><br>Auszug aus dem Vorwort der Direktorin des EBG.<br><\/p>\n\n\n\n<div class=\"wp-block-buttons is-layout-flex wp-block-buttons-is-layout-flex\">\n<div class=\"wp-block-button is-style-btn-secondary\"><a class=\"wp-block-button__link has-black-color has-luminous-vivid-amber-background-color has-text-color has-background wp-element-button\" href=\"https:\/\/www.kidstoo.ch\/de\/projets-2\/couts-lies-aux-enfants-2\/\">Kosten f\u00fcr Kinder<\/a><\/div>\n<\/div>\n\n\n\n<div class=\"wp-block-group is-style-box-color has-black-color has-white-background-color has-text-color has-background is-layout-flow wp-block-group-is-layout-flow\">\n<h5 class=\"wp-block-heading\">Zahlenm\u00e4\u00dfige Ergebnisse der Studie<\/h5>\n\n\n\n<p>Die wichtigsten berechneten Kosten sind:<\/p>\n\n\n\n<figure class=\"wp-block-table\"><table class=\"has-black-color has-text-color\"><thead><tr><th>GESAMTKOSTEN VON GEWALT IN PAARBEZIEHUNGEN (TANGIBLE UND INTANGIBLE KOSTEN)<\/th><th class=\"has-text-align-right\" data-align=\"right\">Kosten<br>in Mio. CHF<\/th><\/tr><\/thead><tbody><tr><td>Direkte tangible Kosten f\u00fcr das Jahr 2011<\/td><td class=\"has-text-align-right\" data-align=\"right\">124 &#8211; 186<\/td><\/tr><tr><td>Indirekte tangible Kosten f\u00fcr das Jahr 2011<\/td><td class=\"has-text-align-right\" data-align=\"right\">40 &#8211; 102<\/td><\/tr><tr><td><strong>Total tangible Kosten (j\u00e4hrliche Kosten f\u00fcr das Jahr 2011)<\/strong><\/td><td class=\"has-text-align-right\" data-align=\"right\"><strong>164 &#8211; 287<\/strong><\/td><\/tr><tr><td><strong>Intangible Kosten (lebenslange Kosten)<\/strong><\/td><td class=\"has-text-align-right\" data-align=\"right\"><strong>1969<\/strong><\/td><\/tr><tr><td>Co\u00fbts totaux annuels de la violence au sein du couple<\/td><td class=\"has-text-align-right\" data-align=\"right\">n\/a<\/td><\/tr><\/tbody><\/table><\/figure>\n\n\n\n<p>Die Autoren des Berichts weisen darauf hin, dass die greifbaren Kosten (f\u00fcr ein Jahr) und die immateriellen Kosten (w\u00e4hrend des gesamten Lebens) nicht addiert werden k\u00f6nnen.<\/p>\n\n\n\n<p>Dies f\u00fchrt dazu, dass bei politischen Pr\u00e4sentationen der j\u00e4hrlichen Kosten h\u00e4uslicher\/ehelicher Gewalt die Zahlen 164 bis 287 Millionen verwendet werden und nicht die j\u00e4hrlichen Kosten zwischen 2&#8217;133 Millionen und 2&#8242; 256 Millionen.<\/p>\n<\/div>\n\n\n\n<div class=\"wp-block-group is-style-box-color has-black-color has-white-background-color has-text-color has-background is-layout-flow wp-block-group-is-layout-flow\">\n<h4 class=\"wp-block-heading\">Extrapolation auf die Kosten h\u00e4uslicher Gewalt<\/h4>\n\n\n\n<p>In der Methode, die die Autoren der Studie aus dem Jahr 2013 anwandten, verwendeten sie einen durchschnittlichen Faktor von 75%, um die Kosten innerhalb der Partnerschaft im Vergleich zu den Kosten h\u00e4uslicher Gewalt darzustellen.<\/p>\n\n\n\n<p>Dar\u00fcber hinaus r\u00e4umte das INFRAS-Institut in einem E-Mail-Austausch im November 2020 ein, dass es legitim sei, tangible und intangible Kosten zu addieren, wenn diese nicht ohne weiteres <strong><em>ceteris paribus<\/em><\/strong> addiert werden k\u00f6nnen. Das EBG wurde damals \u00fcber diese M\u00f6glichkeit informiert.<\/p>\n\n\n\n<figure class=\"wp-block-table\"><table class=\"has-black-color has-text-color\"><thead><tr><th>Art der Kosten im Zusammenhang mit <em>h\u00e4uslicher<\/em> Gewalt<\/th><th class=\"has-text-align-right\" data-align=\"right\">Kosten<br>in Mio. CHF<\/th><\/tr><\/thead><tbody><tr><td>Direkte tangible Kosten f\u00fcr das Jahr 2011<\/td><td class=\"has-text-align-right\" data-align=\"right\">165 &#8211; 248<\/td><\/tr><tr><td>Indirekte tangible Kosten f\u00fcr das Jahr 2011<\/td><td class=\"has-text-align-right\" data-align=\"right\">53 &#8211; 136<\/td><\/tr><tr><td><strong><strong>Total tangible Kosten (j\u00e4hrliche Kosten f\u00fcr das Jahr 2011)<\/strong><\/strong><\/td><td class=\"has-text-align-right\" data-align=\"right\"><strong>218 &#8211; 384<\/strong><\/td><\/tr><tr><td><strong><strong>Intangible Kosten (lebenslange Kosten)<\/strong><\/strong><\/td><td class=\"has-text-align-right\" data-align=\"right\"><strong>2&#8217;625<\/strong><\/td><\/tr><tr><td><strong><em>J\u00e4hrliche Gesamtkosten von h\u00e4uslicher Gewalt (unter sonst gleichen Bedingungen im Jahr 2011)<\/em><\/strong><\/td><td class=\"has-text-align-right\" data-align=\"right\"><strong><em>2&#8217;843 &#8211; 3&#8217;009<\/em><\/strong><\/td><\/tr><\/tbody><\/table><\/figure>\n\n\n\n<p>H\u00e4usliche Gewalt verursacht j\u00e4hrliche Kosten von mindestens 3 Milliarden Euro, wobei nicht alle Kosten beziffert werden konnten (siehe das oben erw\u00e4hnte Zitat der Pr\u00e4sidentin des EBG).<\/p>\n<\/div>\n<\/div>\n\n\n\n<p class=\"has-red-color-background-color has-background\">Zwischen den Zahlen, die auf politischer Ebene verwendet werden, und den Sch\u00e4tzungen <strong>ist die h\u00e4usliche Gewalt zehnmal teurer f\u00fcr die Gesellschaft<\/strong>. Aus wirtschaftlicher Sicht macht es Sinn, erhebliche Mittel f\u00fcr die Erforschung und Pr\u00e4vention h\u00e4uslicher Gewalt sowie f\u00fcr die Bestrafung der T\u00e4ter bereitzustellen.<\/p>\n","protected":false},"excerpt":{"rendered":"<p>H\u00e4usliche Gewalt hat ihren Preis Politische Entscheidungen und die Kosten h\u00e4uslicher Gewalt Auf der Ebene der politischen Entscheidungstr\u00e4ger ist eine angemessene Zuteilung der zur Verf\u00fcgung stehenden Mittel, sei es Personal, Strukturen, Infrastrukturen entsprechend den politischen Zielen oder den internationalen Verpflichtungen, ein sinnvoller Ansatz. Zu diesem Zweck sind zwar die politischen Ziele oder internationalen Verpflichtungen relativ [&hellip;]<\/p>\n","protected":false},"author":8,"featured_media":0,"parent":6313,"menu_order":2,"comment_status":"closed","ping_status":"closed","template":"","meta":{"_acf_changed":false,"footnotes":""},"class_list":["post-2446","page","type-page","status-publish","hentry"],"acf":[],"aioseo_notices":[],"_links":{"self":[{"href":"https:\/\/www.kidstoo.ch\/de\/wp-json\/wp\/v2\/pages\/2446","targetHints":{"allow":["GET"]}}],"collection":[{"href":"https:\/\/www.kidstoo.ch\/de\/wp-json\/wp\/v2\/pages"}],"about":[{"href":"https:\/\/www.kidstoo.ch\/de\/wp-json\/wp\/v2\/types\/page"}],"author":[{"embeddable":true,"href":"https:\/\/www.kidstoo.ch\/de\/wp-json\/wp\/v2\/users\/8"}],"replies":[{"embeddable":true,"href":"https:\/\/www.kidstoo.ch\/de\/wp-json\/wp\/v2\/comments?post=2446"}],"version-history":[{"count":15,"href":"https:\/\/www.kidstoo.ch\/de\/wp-json\/wp\/v2\/pages\/2446\/revisions"}],"predecessor-version":[{"id":6395,"href":"https:\/\/www.kidstoo.ch\/de\/wp-json\/wp\/v2\/pages\/2446\/revisions\/6395"}],"up":[{"embeddable":true,"href":"https:\/\/www.kidstoo.ch\/de\/wp-json\/wp\/v2\/pages\/6313"}],"wp:attachment":[{"href":"https:\/\/www.kidstoo.ch\/de\/wp-json\/wp\/v2\/media?parent=2446"}],"curies":[{"name":"wp","href":"https:\/\/api.w.org\/{rel}","templated":true}]}}

Coûts de la violence domestique

<h2 class="wp-block-heading">Häusliche Gewalt hat ihren Preis</h2>



<div class="wp-block-group is-style-box-color has-black-color has-white-background-color has-text-color has-background is-layout-flow wp-block-group-is-layout-flow">
<h3 class="wp-block-heading">Politische Entscheidungen und die Kosten häuslicher Gewalt</h3>



<p class="is-style-heading-p">Auf der Ebene der politischen Entscheidungsträger ist eine angemessene Zuteilung der zur Verfügung stehenden Mittel, sei es Personal, Strukturen, Infrastrukturen entsprechend den politischen Zielen oder den internationalen Verpflichtungen, ein sinnvoller Ansatz.</p>



<p>Zu diesem Zweck sind zwar die politischen Ziele oder internationalen Verpflichtungen relativ leicht zu definieren oder zu identifizieren, doch die angemessene Zuweisung hängt von der Qualität der verfügbaren Informationen ab.<br>Das Eidgenössische Büro für die Gleichstellung von Frau und Mann (EBG) listet eine große Anzahl von Berichten, Studien etc. im Zusammenhang mit häuslicher Gewalt auf (<a href="https://www.ebg.admin.ch/ebg/de/home/dokumentation/publikationen-allgemein/publikationen-gewalt.html">Link</a>).</p>



<h4 class="wp-block-heading">Studie von 2013 zu den Kosten von Gewalt in Paarbeziehungen (Zahlen von 2011)</h4>



<p>Auf Schweizer Ebene wurden die Kosten von Gewalt in der Partnerschaft in einer Studie aus dem Jahr 2013 geschätzt, die vom Eidgenössischen Büro für die Gleichstellung von Frau und Mann beim Institut INFRAS in Auftrag gegeben wurde. Die Links für diesen Bericht sind als <a href="https://www.kidstoo.ch/app/uploads/Couts_ViolDom_Couple_2013_Long_DE.pdf">Langfassung</a> oder als <a href="https://www.kidstoo.ch/app/uploads/Couts_ViolDom_Couple_2013_Court_DE.pdf">Zusammenfassung</a> verfügbar.</p>



<p>&#8220;Zu beachten ist, dass nicht alle Kosten, die durch Gewalt in Paarbeziehungen verursacht werden,<br>in der vorliegenden Studie berechnet werden konnten. So fehlen beispielsweise die notwendigen<br>Datengrundlagen für die Kostenberechnung von Gerichtsverfahren oder von Unterstützungsangeboten<br>für mitbetroffene Kinder sowie deren gesundheitlichen Folgekosten. Gerade bei diesen<br>Kosten dürfte es sich um eine nicht zu unterschätzende Grössenordnung handeln, denn die<br>Folgen für Kinder, die von Gewalt in Paarbeziehungen mitbetroffen sind, sind weitreichend und<br>wirken oft ein Leben lang nach. Zudem stellt als Kind miterlebte Paargewalt einer der signifikantesten<br>Risikofaktoren dar, im Erwachsenenalter selber Opfer oder Tatperson häuslicher Gewalt<br>zu werden.&#8221;<br><br>Auszug aus dem Vorwort der Direktorin des EBG.<br></p>



<div class="wp-block-buttons is-layout-flex wp-block-buttons-is-layout-flex">
<div class="wp-block-button is-style-btn-secondary"><a class="wp-block-button__link has-black-color has-luminous-vivid-amber-background-color has-text-color has-background wp-element-button" href="https://www.kidstoo.ch/de/projets-2/couts-lies-aux-enfants-2/">Kosten für Kinder</a></div>
</div>



<div class="wp-block-group is-style-box-color has-black-color has-white-background-color has-text-color has-background is-layout-flow wp-block-group-is-layout-flow">
<h5 class="wp-block-heading">Zahlenmäßige Ergebnisse der Studie</h5>



<p>Die wichtigsten berechneten Kosten sind:</p>



<figure class="wp-block-table"><table class="has-black-color has-text-color"><thead><tr><th>GESAMTKOSTEN VON GEWALT IN PAARBEZIEHUNGEN (TANGIBLE UND INTANGIBLE KOSTEN)</th><th class="has-text-align-right" data-align="right">Kosten<br>in Mio. CHF</th></tr></thead><tbody><tr><td>Direkte tangible Kosten für das Jahr 2011</td><td class="has-text-align-right" data-align="right">124 &#8211; 186</td></tr><tr><td>Indirekte tangible Kosten für das Jahr 2011</td><td class="has-text-align-right" data-align="right">40 &#8211; 102</td></tr><tr><td><strong>Total tangible Kosten (jährliche Kosten für das Jahr 2011)</strong></td><td class="has-text-align-right" data-align="right"><strong>164 &#8211; 287</strong></td></tr><tr><td><strong>Intangible Kosten (lebenslange Kosten)</strong></td><td class="has-text-align-right" data-align="right"><strong>1969</strong></td></tr><tr><td>Coûts totaux annuels de la violence au sein du couple</td><td class="has-text-align-right" data-align="right">n/a</td></tr></tbody></table></figure>



<p>Die Autoren des Berichts weisen darauf hin, dass die greifbaren Kosten (für ein Jahr) und die immateriellen Kosten (während des gesamten Lebens) nicht addiert werden können.</p>



<p>Dies führt dazu, dass bei politischen Präsentationen der jährlichen Kosten häuslicher/ehelicher Gewalt die Zahlen 164 bis 287 Millionen verwendet werden und nicht die jährlichen Kosten zwischen 2&#8217;133 Millionen und 2&#8242; 256 Millionen.</p>
</div>



<div class="wp-block-group is-style-box-color has-black-color has-white-background-color has-text-color has-background is-layout-flow wp-block-group-is-layout-flow">
<h4 class="wp-block-heading">Extrapolation auf die Kosten häuslicher Gewalt</h4>



<p>In der Methode, die die Autoren der Studie aus dem Jahr 2013 anwandten, verwendeten sie einen durchschnittlichen Faktor von 75%, um die Kosten innerhalb der Partnerschaft im Vergleich zu den Kosten häuslicher Gewalt darzustellen.</p>



<p>Darüber hinaus räumte das INFRAS-Institut in einem E-Mail-Austausch im November 2020 ein, dass es legitim sei, tangible und intangible Kosten zu addieren, wenn diese nicht ohne weiteres <strong><em>ceteris paribus</em></strong> addiert werden können. Das EBG wurde damals über diese Möglichkeit informiert.</p>



<figure class="wp-block-table"><table class="has-black-color has-text-color"><thead><tr><th>Art der Kosten im Zusammenhang mit <em>häuslicher</em> Gewalt</th><th class="has-text-align-right" data-align="right">Kosten<br>in Mio. CHF</th></tr></thead><tbody><tr><td>Direkte tangible Kosten für das Jahr 2011</td><td class="has-text-align-right" data-align="right">165 &#8211; 248</td></tr><tr><td>Indirekte tangible Kosten für das Jahr 2011</td><td class="has-text-align-right" data-align="right">53 &#8211; 136</td></tr><tr><td><strong><strong>Total tangible Kosten (jährliche Kosten für das Jahr 2011)</strong></strong></td><td class="has-text-align-right" data-align="right"><strong>218 &#8211; 384</strong></td></tr><tr><td><strong><strong>Intangible Kosten (lebenslange Kosten)</strong></strong></td><td class="has-text-align-right" data-align="right"><strong>2&#8217;625</strong></td></tr><tr><td><strong><em>Jährliche Gesamtkosten von häuslicher Gewalt (unter sonst gleichen Bedingungen im Jahr 2011)</em></strong></td><td class="has-text-align-right" data-align="right"><strong><em>2&#8217;843 &#8211; 3&#8217;009</em></strong></td></tr></tbody></table></figure>



<p>Häusliche Gewalt verursacht jährliche Kosten von mindestens 3 Milliarden Euro, wobei nicht alle Kosten beziffert werden konnten (siehe das oben erwähnte Zitat der Präsidentin des EBG).</p>
</div>
</div>



<p class="has-red-color-background-color has-background">Zwischen den Zahlen, die auf politischer Ebene verwendet werden, und den Schätzungen <strong>ist die häusliche Gewalt zehnmal teurer für die Gesellschaft</strong>. Aus wirtschaftlicher Sicht macht es Sinn, erhebliche Mittel für die Erforschung und Prävention häuslicher Gewalt sowie für die Bestrafung der Täter bereitzustellen.</p>

<p>Häusliche Gewalt hat ihren Preis Politische Entscheidungen und die Kosten häuslicher Gewalt Auf der Ebene der politischen Entscheidungsträger ist eine angemessene Zuteilung der zur Verfügung stehenden Mittel, sei es Personal, Strukturen, Infrastrukturen entsprechend den politischen Zielen oder den internationalen Verpflichtungen, ein sinnvoller Ansatz. Zu diesem Zweck sind zwar die politischen Ziele oder internationalen Verpflichtungen relativ [&hellip;]</p>
